{"id":9160,"date":"2023-01-11T20:04:29","date_gmt":"2023-01-11T20:04:29","guid":{"rendered":"https:\/\/citcem2023.citcem.org\/eventos\/24th-session-ico-2021-22-information-communication-and-imaginary-interdisciplinary-articulations-in-research-on-the-infocommunicational-phenomenon\/"},"modified":"2023-02-19T18:57:58","modified_gmt":"2023-02-19T18:57:58","slug":"24th-session-ico-2021-22-information-communication-and-imaginary-interdisciplinary-articulations-in-research-on-the-infocommunicational-phenomenon","status":"publish","type":"eventos","link":"https:\/\/citcem2023.citcem.org\/en\/events\/24th-session-ico-2021-22-information-communication-and-imaginary-interdisciplinary-articulations-in-research-on-the-infocommunicational-phenomenon\/","title":{"rendered":"24th SESSION ICO 2021\/22 &#8220;Information, Communication and Imaginary: interdisciplinary articulations in research on the infocommunicational phenomenon&#8221;"},"content":{"rendered":"<div class=\"news-text\">\n<p><strong>Session proponents:<\/strong> Claudio Paix\u00e3o Anast\u00e1cio de Paula (Information, Communication and Digital Culture) and Eliane Pawlowski de Oliveira Ara\u00fajo (Information, Communication and Digital Culture)<\/p>\n<p><strong>Title\/General Theme of the Session<\/strong>: &#8220;Information, Communication and Imaginary: interdisciplinary articulations in investigations about the infocommunicational phenomenon&#8221;.<\/p>\n<p><strong>Name of speakers and their paper titles:<\/strong><\/p>\n<p><em>Theoretical and methodological applications of the Imaginary in studies about the infocommunicational phenomenon<\/em> | Eliane Pawlowski de Oliveira Ara\u00fajo<\/p>\n<p><em>Possibilities of application of the Image Configuration Method (ICM) in Information Science<\/em> | Tatiana Pereira Queiroz<\/p>\n<p><em>Construction of scientific knowledge: a symbolic approach to researchers&#8217; journeys<\/em> | Janicy Pereira Rocha<\/p>\n<p><em>Informational Practices: &#8220;Marcela Temer: Fair, Clean and Harmonious&#8221;, a Facebook post that portrays a reading of the feminine in the social imaginary<\/em> | Ilemar Christina Lanson Wey Berti<\/p>\n<p><em>A bio-psycho-social epistemology of information: interdisciplinary object \/ transdisciplinary approach<\/em> | Claudio Paix\u00e3o Anast\u00e1cio de Paula<\/p>\n<p>&nbsp;<\/p>\n<p>This session will be held in a mixed format, in Meeting Room 1, with free admission, and broadcast via CITCEM&#8217;s YouTube channel.<\/p>\n<p>&nbsp;<\/p>\n<p><strong>OIC Webpage: <\/strong><a href=\"https:\/\/oiccitcem.wixsite.com\/oficinascitcem\">https:\/\/oiccitcem.wixsite.com\/oficinascitcem<\/a><\/p>\n<p>&nbsp;<\/p>\n<p><strong>Scientific Committee<\/strong><\/p>\n<p>CITCEM Executive Committee<\/p>\n<p><strong>Organizing Committee<\/strong><\/p>\n<p>Carla Sequeira<\/p>\n<p>Joana Lencart<\/p>\n<p><strong>Organization<\/strong><\/p>\n<p>CITCEM<\/p>\n<p><strong>Secretariat<\/strong><\/p>\n<p>CITCEM<\/p>\n<\/div>\n<h4>Files<\/h4>\n<p><a href=\"https:\/\/citcem2023.citcem.org\/wp-content\/uploads\/2023\/01\/Cartaz_20Maio-1.jpg\" download=\"\">Poster<\/a><\/p>\n<p><a href=\"https:\/\/citcem2023.citcem.org\/wp-content\/uploads\/2023\/01\/Programa_20Maio.pdf\" download=\"\">Program<\/a><\/p>\n","protected":false},"featured_media":8276,"template":"","ano-evento":[270],"tipo-eventos":[296],"cmcal_calendar":[],"_links":{"self":[{"href":"https:\/\/citcem2023.citcem.org\/en\/wp-json\/wp\/v2\/eventos\/9160"}],"collection":[{"href":"https:\/\/citcem2023.citcem.org\/en\/wp-json\/wp\/v2\/eventos"}],"about":[{"href":"https:\/\/citcem2023.citcem.org\/en\/wp-json\/wp\/v2\/types\/eventos"}],"version-history":[{"count":0,"href":"https:\/\/citcem2023.citcem.org\/en\/wp-json\/wp\/v2\/eventos\/9160\/revisions"}],"wp:featuredmedia":[{"embeddable":true,"href":"https:\/\/citcem2023.citcem.org\/en\/wp-json\/wp\/v2\/media\/8276"}],"wp:attachment":[{"href":"https:\/\/citcem2023.citcem.org\/en\/wp-json\/wp\/v2\/media?parent=9160"}],"wp:term":[{"taxonomy":"ano-evento","embeddable":true,"href":"https:\/\/citcem2023.citcem.org\/en\/wp-json\/wp\/v2\/ano-evento?post=9160"},{"taxonomy":"tipo-eventos","embeddable":true,"href":"https:\/\/citcem2023.citcem.org\/en\/wp-json\/wp\/v2\/tipo-eventos?post=9160"},{"taxonomy":"cmcal_calendar","embeddable":true,"href":"https:\/\/citcem2023.citcem.org\/en\/wp-json\/wp\/v2\/cmcal_calendar?post=9160"}],"curies":[{"name":"wp","href":"https:\/\/api.w.org\/{rel}","templated":true}]}}

<div class="news-text">
<p><strong>Session proponents:</strong> Claudio Paixão Anastácio de Paula (Information, Communication and Digital Culture) and Eliane Pawlowski de Oliveira Araújo (Information, Communication and Digital Culture)</p>
<p><strong>Title/General Theme of the Session</strong>: &#8220;Information, Communication and Imaginary: interdisciplinary articulations in investigations about the infocommunicational phenomenon&#8221;.</p>
<p><strong>Name of speakers and their paper titles:</strong></p>
<p><em>Theoretical and methodological applications of the Imaginary in studies about the infocommunicational phenomenon</em> | Eliane Pawlowski de Oliveira Araújo</p>
<p><em>Possibilities of application of the Image Configuration Method (ICM) in Information Science</em> | Tatiana Pereira Queiroz</p>
<p><em>Construction of scientific knowledge: a symbolic approach to researchers&#8217; journeys</em> | Janicy Pereira Rocha</p>
<p><em>Informational Practices: &#8220;Marcela Temer: Fair, Clean and Harmonious&#8221;, a Facebook post that portrays a reading of the feminine in the social imaginary</em> | Ilemar Christina Lanson Wey Berti</p>
<p><em>A bio-psycho-social epistemology of information: interdisciplinary object / transdisciplinary approach</em> | Claudio Paixão Anastácio de Paula</p>
<p>&nbsp;</p>
<p>This session will be held in a mixed format, in Meeting Room 1, with free admission, and broadcast via CITCEM&#8217;s YouTube channel.</p>
<p>&nbsp;</p>
<p><strong>OIC Webpage: </strong><a href="https://oiccitcem.wixsite.com/oficinascitcem">https://oiccitcem.wixsite.com/oficinascitcem</a></p>
<p>&nbsp;</p>
<p><strong>Scientific Committee</strong></p>
<p>CITCEM Executive Committee</p>
<p><strong>Organizing Committee</strong></p>
<p>Carla Sequeira</p>
<p>Joana Lencart</p>
<p><strong>Organization</strong></p>
<p>CITCEM</p>
<p><strong>Secretariat</strong></p>
<p>CITCEM</p>
</div>
<h4>Files</h4>
<p><a href="https://citcem2023.citcem.org/wp-content/uploads/2023/01/Cartaz_20Maio-1.jpg" download="">Poster</a></p>
<p><a href="https://citcem2023.citcem.org/wp-content/uploads/2023/01/Programa_20Maio.pdf" download="">Program</a></p>
