{"id":9135,"date":"2023-01-12T22:14:47","date_gmt":"2023-01-12T22:14:47","guid":{"rendered":"https:\/\/citcem2023.citcem.org\/eventos\/iii-meeting-from-famalicao-to-the-world-issues-of-the-present-time-from-stigmas-to-human-rights\/"},"modified":"2023-02-19T18:46:40","modified_gmt":"2023-02-19T18:46:40","slug":"iii-meeting-from-famalicao-to-the-world-issues-of-the-present-time-from-stigmas-to-human-rights","status":"publish","type":"eventos","link":"https:\/\/citcem2023.citcem.org\/en\/events\/iii-meeting-from-famalicao-to-the-world-issues-of-the-present-time-from-stigmas-to-human-rights\/","title":{"rendered":"III Meeting &#8211; From Famalic\u00e3o to the world: Issues of the Present Time: from stigmas to Human Rights"},"content":{"rendered":"<div class=\"col-sm-12\">\n<div class=\"news-text\">\n<p>The &#8220;III Meeting From Famalic\u00e3o to the World: Issues of the Present Time: from Stigmas to Human Rights&#8221; will take place between September 16 and 17, at the auditorium of the Cupertino de Miranda Foundation, Famalic\u00e3o, and is supported by CITCEM&#8217;s research group &#8220;Education and Societal Challenges&#8221;.<\/p>\n<div>\n<div dir=\"auto\">\n<p>Registration is free but compulsory:<strong> https:\/\/forms.gle\/ioEB8xLzxFtzXY2C9<\/strong><\/p>\n<\/div>\n<\/div>\n<p>This III Meeting is accredited by the Conselho Cient\u00edfico-Pedag\u00f3gico da Forma\u00e7\u00e3o Cont\u00ednua, with registration CCPFC\/ACC-116641\/22.<\/p>\n<p>&nbsp;<\/p>\n<\/div>\n<h4>Files<\/h4>\n<p><a href=\"https:\/\/citcem2023.citcem.org\/wp-content\/uploads\/2023\/01\/cartaz_1-scaled.jpg\" download=\"\">Poster<\/a><\/p>\n<p><a href=\"https:\/\/citcem2023.citcem.org\/wp-content\/uploads\/2023\/01\/programa_11-scaled.jpg\" download=\"\">Program<\/a><\/p>\n<\/div>\n","protected":false},"featured_media":8804,"template":"","ano-evento":[270],"tipo-eventos":[303],"cmcal_calendar":[],"_links":{"self":[{"href":"https:\/\/citcem2023.citcem.org\/en\/wp-json\/wp\/v2\/eventos\/9135"}],"collection":[{"href":"https:\/\/citcem2023.citcem.org\/en\/wp-json\/wp\/v2\/eventos"}],"about":[{"href":"https:\/\/citcem2023.citcem.org\/en\/wp-json\/wp\/v2\/types\/eventos"}],"version-history":[{"count":0,"href":"https:\/\/citcem2023.citcem.org\/en\/wp-json\/wp\/v2\/eventos\/9135\/revisions"}],"wp:featuredmedia":[{"embeddable":true,"href":"https:\/\/citcem2023.citcem.org\/en\/wp-json\/wp\/v2\/media\/8804"}],"wp:attachment":[{"href":"https:\/\/citcem2023.citcem.org\/en\/wp-json\/wp\/v2\/media?parent=9135"}],"wp:term":[{"taxonomy":"ano-evento","embeddable":true,"href":"https:\/\/citcem2023.citcem.org\/en\/wp-json\/wp\/v2\/ano-evento?post=9135"},{"taxonomy":"tipo-eventos","embeddable":true,"href":"https:\/\/citcem2023.citcem.org\/en\/wp-json\/wp\/v2\/tipo-eventos?post=9135"},{"taxonomy":"cmcal_calendar","embeddable":true,"href":"https:\/\/citcem2023.citcem.org\/en\/wp-json\/wp\/v2\/cmcal_calendar?post=9135"}],"curies":[{"name":"wp","href":"https:\/\/api.w.org\/{rel}","templated":true}]}}

III Meeting &#8211; From Famalicão to the world: Issues of the Present Time: from stigmas to Human Rights

<div class="col-sm-12">
<div class="news-text">
<p>The &#8220;III Meeting From Famalicão to the World: Issues of the Present Time: from Stigmas to Human Rights&#8221; will take place between September 16 and 17, at the auditorium of the Cupertino de Miranda Foundation, Famalicão, and is supported by CITCEM&#8217;s research group &#8220;Education and Societal Challenges&#8221;.</p>
<div>
<div dir="auto">
<p>Registration is free but compulsory:<strong> https://forms.gle/ioEB8xLzxFtzXY2C9</strong></p>
</div>
</div>
<p>This III Meeting is accredited by the Conselho Científico-Pedagógico da Formação Contínua, with registration CCPFC/ACC-116641/22.</p>
<p>&nbsp;</p>
</div>
<h4>Files</h4>
<p><a href="https://citcem2023.citcem.org/wp-content/uploads/2023/01/cartaz_1-scaled.jpg" download="">Poster</a></p>
<p><a href="https://citcem2023.citcem.org/wp-content/uploads/2023/01/programa_11-scaled.jpg" download="">Program</a></p>
</div>
