{"id":9126,"date":"2023-01-12T22:45:03","date_gmt":"2023-01-12T22:45:03","guid":{"rendered":"https:\/\/citcem2023.citcem.org\/eventos\/3rd-oic-session-2022-23-the-forest-in-portugal-18th-20th-centuries-biodiversity-exploitation-and-management\/"},"modified":"2023-02-19T18:44:42","modified_gmt":"2023-02-19T18:44:42","slug":"3rd-oic-session-2022-23-the-forest-in-portugal-18th-20th-centuries-biodiversity-exploitation-and-management","status":"publish","type":"eventos","link":"https:\/\/citcem2023.citcem.org\/en\/events\/3rd-oic-session-2022-23-the-forest-in-portugal-18th-20th-centuries-biodiversity-exploitation-and-management\/","title":{"rendered":"3rd OIC SESSION 2022\/23 &#8220;The forest in Portugal (18th-20th centuries): biodiversity, exploitation and management"},"content":{"rendered":"<div class=\"col-sm-12\">\n<div class=\"news-text\">\n<p><strong>Session proponents:<\/strong> Ana Isabel Lopes (Territories and Landscapes)<\/p>\n<p><strong>Title\/General Theme of the Session<\/strong>: &#8220;The forest in Portugal (XVIII-XX centuries): biodiversity, exploitation and management<\/p>\n<p><strong>Name of speakers and their paper titles:<\/strong><\/p>\n<p>Pedro Mota Tavares (IHC &#8211; NOVA FCSH\/IN2PAST) &#8211; &#8220;Between forest, pasture and cultivated soil: composition, deforestation and reforestation in the frontier area in Tr\u00e1s-os-Montes (1750-1860)&#8221;<\/p>\n<p>Ana Isabel Lopes (CITCEM\/FLUP) &#8211; &#8220;The pine of discord. The forest as a space of conflict between local institutions (Northwest Portugal, 1750-1830)&#8221;<\/p>\n<p>Paulo Vasconcelos (CITCEM\/FLUP) &#8211; &#8220;O(s) eucalipto(s) e a arboriza\u00e7\u00e3o na a\u00e7\u00e3o do engenheiro Baeta Neves (1916 &#8211; 1992)&#8221;<\/p>\n<p>Cristina Joanaz de Melo (IHC &#8211; NOVA FCSH) (to be confirmed) &#8211;  [T\u00edtulo a confirmar]<\/p>\n<p>Free Entry!<\/p>\n<p>&nbsp;<\/p>\n<p><strong>OIC Webpage: <\/strong><a href=\"https:\/\/oiccitcem.wixsite.com\/oficinascitcem\">https:\/\/oiccitcem.wixsite.com\/oficinascitcem<\/a><\/p>\n<p>&nbsp;<\/p>\n<p><strong>Scientific Committee<\/strong><\/p>\n<p>CITCEM Executive Committee<\/p>\n<p><strong>Organizing Committee<\/strong><\/p>\n<p>Carla Sequeira<\/p>\n<p>Joana Lencart<\/p>\n<p><strong>Organization<\/strong><\/p>\n<p>CITCEM<\/p>\n<p><strong>Secretariat<\/strong><\/p>\n<p>CITCEM<\/p>\n<\/div>\n<h4>Files<\/h4>\n<p><a href=\"https:\/\/citcem2023.citcem.org\/wp-content\/uploads\/2023\/01\/Cartaz_14.10-1.jpg\" download=\"\">Poster<\/a><\/p>\n<p><a href=\"https:\/\/citcem2023.citcem.org\/wp-content\/uploads\/2023\/01\/Programa_OIC_3_14.10_1.pdf\" download=\"\">Program<\/a><\/p>\n<\/div>\n","protected":false},"featured_media":8811,"template":"","ano-evento":[270],"tipo-eventos":[296],"cmcal_calendar":[],"_links":{"self":[{"href":"https:\/\/citcem2023.citcem.org\/en\/wp-json\/wp\/v2\/eventos\/9126"}],"collection":[{"href":"https:\/\/citcem2023.citcem.org\/en\/wp-json\/wp\/v2\/eventos"}],"about":[{"href":"https:\/\/citcem2023.citcem.org\/en\/wp-json\/wp\/v2\/types\/eventos"}],"version-history":[{"count":0,"href":"https:\/\/citcem2023.citcem.org\/en\/wp-json\/wp\/v2\/eventos\/9126\/revisions"}],"wp:featuredmedia":[{"embeddable":true,"href":"https:\/\/citcem2023.citcem.org\/en\/wp-json\/wp\/v2\/media\/8811"}],"wp:attachment":[{"href":"https:\/\/citcem2023.citcem.org\/en\/wp-json\/wp\/v2\/media?parent=9126"}],"wp:term":[{"taxonomy":"ano-evento","embeddable":true,"href":"https:\/\/citcem2023.citcem.org\/en\/wp-json\/wp\/v2\/ano-evento?post=9126"},{"taxonomy":"tipo-eventos","embeddable":true,"href":"https:\/\/citcem2023.citcem.org\/en\/wp-json\/wp\/v2\/tipo-eventos?post=9126"},{"taxonomy":"cmcal_calendar","embeddable":true,"href":"https:\/\/citcem2023.citcem.org\/en\/wp-json\/wp\/v2\/cmcal_calendar?post=9126"}],"curies":[{"name":"wp","href":"https:\/\/api.w.org\/{rel}","templated":true}]}}

<div class="col-sm-12">
<div class="news-text">
<p><strong>Session proponents:</strong> Ana Isabel Lopes (Territories and Landscapes)</p>
<p><strong>Title/General Theme of the Session</strong>: &#8220;The forest in Portugal (XVIII-XX centuries): biodiversity, exploitation and management</p>
<p><strong>Name of speakers and their paper titles:</strong></p>
<p>Pedro Mota Tavares (IHC &#8211; NOVA FCSH/IN2PAST) &#8211; &#8220;Between forest, pasture and cultivated soil: composition, deforestation and reforestation in the frontier area in Trás-os-Montes (1750-1860)&#8221;</p>
<p>Ana Isabel Lopes (CITCEM/FLUP) &#8211; &#8220;The pine of discord. The forest as a space of conflict between local institutions (Northwest Portugal, 1750-1830)&#8221;</p>
<p>Paulo Vasconcelos (CITCEM/FLUP) &#8211; &#8220;O(s) eucalipto(s) e a arborização na ação do engenheiro Baeta Neves (1916 &#8211; 1992)&#8221;</p>
<p>Cristina Joanaz de Melo (IHC &#8211; NOVA FCSH) (to be confirmed) &#8211;  [Título a confirmar]</p>
<p>Free Entry!</p>
<p>&nbsp;</p>
<p><strong>OIC Webpage: </strong><a href="https://oiccitcem.wixsite.com/oficinascitcem">https://oiccitcem.wixsite.com/oficinascitcem</a></p>
<p>&nbsp;</p>
<p><strong>Scientific Committee</strong></p>
<p>CITCEM Executive Committee</p>
<p><strong>Organizing Committee</strong></p>
<p>Carla Sequeira</p>
<p>Joana Lencart</p>
<p><strong>Organization</strong></p>
<p>CITCEM</p>
<p><strong>Secretariat</strong></p>
<p>CITCEM</p>
</div>
<h4>Files</h4>
<p><a href="https://citcem2023.citcem.org/wp-content/uploads/2023/01/Cartaz_14.10-1.jpg" download="">Poster</a></p>
<p><a href="https://citcem2023.citcem.org/wp-content/uploads/2023/01/Programa_OIC_3_14.10_1.pdf" download="">Program</a></p>
</div>
