{"id":9123,"date":"2023-01-12T22:33:56","date_gmt":"2023-01-12T22:33:56","guid":{"rendered":"https:\/\/citcem2023.citcem.org\/eventos\/2nd-ico-session-2022-23-aspects-generally-forgotten-but-present-in-the-wars-of-the-ancien-regime-and-the-iberian-peninsula\/"},"modified":"2023-02-19T18:45:29","modified_gmt":"2023-02-19T18:45:29","slug":"2nd-ico-session-2022-23-aspects-generally-forgotten-but-present-in-the-wars-of-the-ancien-regime-and-the-iberian-peninsula","status":"publish","type":"eventos","link":"https:\/\/citcem2023.citcem.org\/en\/events\/2nd-ico-session-2022-23-aspects-generally-forgotten-but-present-in-the-wars-of-the-ancien-regime-and-the-iberian-peninsula\/","title":{"rendered":"2nd ICO SESSION 2022\/23 &#8220;Aspects generally forgotten, but present, in the wars of the Ancien Regime and the Iberian Peninsula&#8221;"},"content":{"rendered":"<div class=\"col-sm-12\">\n<div class=\"news-text\">\n<p><strong>Session proponents:<\/strong> Evaristo C. Mart\u00ednez-Rad\u00edo Garrido (Transaction values\/transition values)<\/p>\n<p><strong>Title\/General Theme of Session:<\/strong> &#8220;Aspects generally forgotten, but present, in the wars of the Ancient Regime and the Iberian Peninsula&#8221;<\/p>\n<p><strong>Name of speakers and their paper titles:<\/strong><\/p>\n<p>Jonathan Bar Shuali &#8211; Cotidianidad, religi\u00f3n, identidad y principios morales como objeto de comprensi\u00f3n del soldado de la Guerra de Independencia espa\u00f1ola. The case of the Ultonia Infantry Regiment in Gerona (1808-1809)<\/p>\n<p>Javier Bragado Echevarr\u00eda &#8211; Military management and foreign soldiers in the Spanish Army at the end of the XVIII century: realities, models and projects<\/p>\n<p>Evaristo C. Mart\u00ednez-Rad\u00edo Garrido &#8211; Prisoners of war and towns. personal relationships and demographic weight in the 18th Century<\/p>\n<p>Free Entry!<\/p>\n<p>&nbsp;<\/p>\n<p><strong>OIC Webpage: <\/strong><a href=\"https:\/\/oiccitcem.wixsite.com\/oficinascitcem\">https:\/\/oiccitcem.wixsite.com\/oficinascitcem<\/a><\/p>\n<p>&nbsp;<\/p>\n<p><strong>Scientific Committee<\/strong><\/p>\n<p>CITCEM Executive Committee<\/p>\n<p><strong>Organizing Committee<\/strong><\/p>\n<p>Carla Sequeira<\/p>\n<p>Joana Lencart<\/p>\n<p><strong>Organization<\/strong><\/p>\n<p>CITCEM<\/p>\n<p><strong>Secretariat<\/strong><\/p>\n<p>CITCEM<\/p>\n<\/div>\n<h4>Files<\/h4>\n<p><a href=\"https:\/\/citcem2023.citcem.org\/wp-content\/uploads\/2023\/01\/Cartaz_30.09-1.jpg\" download=\"\">Poster<\/a><\/p>\n<p><a href=\"https:\/\/citcem2023.citcem.org\/wp-content\/uploads\/2023\/01\/Programa_OIC_2_30.09.pdf\" download=\"\">Program<\/a><\/p>\n<\/div>\n","protected":false},"featured_media":8811,"template":"","ano-evento":[270],"tipo-eventos":[296],"cmcal_calendar":[],"_links":{"self":[{"href":"https:\/\/citcem2023.citcem.org\/en\/wp-json\/wp\/v2\/eventos\/9123"}],"collection":[{"href":"https:\/\/citcem2023.citcem.org\/en\/wp-json\/wp\/v2\/eventos"}],"about":[{"href":"https:\/\/citcem2023.citcem.org\/en\/wp-json\/wp\/v2\/types\/eventos"}],"version-history":[{"count":0,"href":"https:\/\/citcem2023.citcem.org\/en\/wp-json\/wp\/v2\/eventos\/9123\/revisions"}],"wp:featuredmedia":[{"embeddable":true,"href":"https:\/\/citcem2023.citcem.org\/en\/wp-json\/wp\/v2\/media\/8811"}],"wp:attachment":[{"href":"https:\/\/citcem2023.citcem.org\/en\/wp-json\/wp\/v2\/media?parent=9123"}],"wp:term":[{"taxonomy":"ano-evento","embeddable":true,"href":"https:\/\/citcem2023.citcem.org\/en\/wp-json\/wp\/v2\/ano-evento?post=9123"},{"taxonomy":"tipo-eventos","embeddable":true,"href":"https:\/\/citcem2023.citcem.org\/en\/wp-json\/wp\/v2\/tipo-eventos?post=9123"},{"taxonomy":"cmcal_calendar","embeddable":true,"href":"https:\/\/citcem2023.citcem.org\/en\/wp-json\/wp\/v2\/cmcal_calendar?post=9123"}],"curies":[{"name":"wp","href":"https:\/\/api.w.org\/{rel}","templated":true}]}}

<div class="col-sm-12">
<div class="news-text">
<p><strong>Session proponents:</strong> Evaristo C. Martínez-Radío Garrido (Transaction values/transition values)</p>
<p><strong>Title/General Theme of Session:</strong> &#8220;Aspects generally forgotten, but present, in the wars of the Ancient Regime and the Iberian Peninsula&#8221;</p>
<p><strong>Name of speakers and their paper titles:</strong></p>
<p>Jonathan Bar Shuali &#8211; Cotidianidad, religión, identidad y principios morales como objeto de comprensión del soldado de la Guerra de Independencia española. The case of the Ultonia Infantry Regiment in Gerona (1808-1809)</p>
<p>Javier Bragado Echevarría &#8211; Military management and foreign soldiers in the Spanish Army at the end of the XVIII century: realities, models and projects</p>
<p>Evaristo C. Martínez-Radío Garrido &#8211; Prisoners of war and towns. personal relationships and demographic weight in the 18th Century</p>
<p>Free Entry!</p>
<p>&nbsp;</p>
<p><strong>OIC Webpage: </strong><a href="https://oiccitcem.wixsite.com/oficinascitcem">https://oiccitcem.wixsite.com/oficinascitcem</a></p>
<p>&nbsp;</p>
<p><strong>Scientific Committee</strong></p>
<p>CITCEM Executive Committee</p>
<p><strong>Organizing Committee</strong></p>
<p>Carla Sequeira</p>
<p>Joana Lencart</p>
<p><strong>Organization</strong></p>
<p>CITCEM</p>
<p><strong>Secretariat</strong></p>
<p>CITCEM</p>
</div>
<h4>Files</h4>
<p><a href="https://citcem2023.citcem.org/wp-content/uploads/2023/01/Cartaz_30.09-1.jpg" download="">Poster</a></p>
<p><a href="https://citcem2023.citcem.org/wp-content/uploads/2023/01/Programa_OIC_2_30.09.pdf" download="">Program</a></p>
</div>
