{"id":9106,"date":"2023-01-13T00:37:10","date_gmt":"2023-01-13T00:37:10","guid":{"rendered":"https:\/\/citcem2023.citcem.org\/eventos\/vi-national-congress-of-numismatics\/"},"modified":"2023-02-19T18:39:02","modified_gmt":"2023-02-19T18:39:02","slug":"vi-national-congress-of-numismatics","status":"publish","type":"eventos","link":"https:\/\/citcem2023.citcem.org\/en\/events\/vi-national-congress-of-numismatics\/","title":{"rendered":"VI National Congress of Numismatics"},"content":{"rendered":"<div>A little more than twenty years after the last National Congress of Numismatics, it was necessary to resume the organization of these scientific meetings that allow the presentation of the most recent advances in numismatic research and always provide a useful confraternization between all scholars and interested in the development of this science, as well as its divulgation to new publics, especially among the younger generations.<\/div>\n<div>\nAware of this imperative and in the context of the commemoration of the 70th anniversary of its formal foundation that occurs in 2022, the Board of the Portuguese Numismatic Society decided that this was the right time to move forward with the organization of the  <strong>VI National Congress of Numismatics<\/strong>, will take place in  <strong>Faculdade de Letras da Universidade do Porto, on November 24-26, 2022<\/strong>The event is also supported by the Porto City Hall, Imprensa Nacional-Casa da Moeda, Dr. Ant\u00f3nio Cupertino de Miranda Foundation and Museu do Papel Moeda, Associa\u00e7\u00e3o Comercial do Porto, Niepoort S.A., CITCEM-Centro de Investiga\u00e7\u00e3o Transdisciplinar, Cultura, Espa\u00e7o e Mem\u00f3ria, Numisma S.A., Numisporto, Adriano Gomes (Numismatica), Portuscalle Numism\u00e1tica, among other public and private entities.<\/div>\n<div>\nSPN appreciates the important support received from the entities and personalities it contacted, believing that this collaboration will certainly be extended to the entire numismatic community in Portugal, as well as to all those interested in the study, appreciation and promotion of our common numismatic heritage. With about a hundred registered participants already, we believe that this congress will mark a new collaborative stage among all scholars and enthusiasts of this area of knowledge, boosting numismatic collecting and research in Portugal.<\/p>\n<\/div>\n<div>All information about VICNN Porto&#8217;22 is available at: <a href=\"https:\/\/vi-cnnum-porto22.weebly.com\/\">https:\/\/vi-cnnum-porto22.weebly.com\/<\/a><\/p>\n<p><strong>Local:<\/strong><br \/>\nOctober 24 &#8211; Almeida Garrett Municipal Library Auditorium<br \/>\nNovember 25th and 26th &#8211; Anfiteatro Nobre da FLUP<\/p>\n<p><strong><a href=\"https:\/\/vi-cnnum-porto22.weebly.com\/inscriccedilatildeo.html\" target=\"_blank\" rel=\"noopener\">Open Enrollment<br \/>\n<\/a><\/strong><\/div>\n<div><\/div>\n<div>\n<h4>Files<\/h4>\n<p><a href=\"https:\/\/citcem2023.citcem.org\/wp-content\/uploads\/2023\/01\/VICNN_DivulgacaIo_geral_Programa_20221109.pdf\" download=\"\">Program<\/a><\/p>\n<\/div>\n","protected":false},"featured_media":8959,"template":"","ano-evento":[270],"tipo-eventos":[274],"cmcal_calendar":[],"_links":{"self":[{"href":"https:\/\/citcem2023.citcem.org\/en\/wp-json\/wp\/v2\/eventos\/9106"}],"collection":[{"href":"https:\/\/citcem2023.citcem.org\/en\/wp-json\/wp\/v2\/eventos"}],"about":[{"href":"https:\/\/citcem2023.citcem.org\/en\/wp-json\/wp\/v2\/types\/eventos"}],"version-history":[{"count":0,"href":"https:\/\/citcem2023.citcem.org\/en\/wp-json\/wp\/v2\/eventos\/9106\/revisions"}],"wp:featuredmedia":[{"embeddable":true,"href":"https:\/\/citcem2023.citcem.org\/en\/wp-json\/wp\/v2\/media\/8959"}],"wp:attachment":[{"href":"https:\/\/citcem2023.citcem.org\/en\/wp-json\/wp\/v2\/media?parent=9106"}],"wp:term":[{"taxonomy":"ano-evento","embeddable":true,"href":"https:\/\/citcem2023.citcem.org\/en\/wp-json\/wp\/v2\/ano-evento?post=9106"},{"taxonomy":"tipo-eventos","embeddable":true,"href":"https:\/\/citcem2023.citcem.org\/en\/wp-json\/wp\/v2\/tipo-eventos?post=9106"},{"taxonomy":"cmcal_calendar","embeddable":true,"href":"https:\/\/citcem2023.citcem.org\/en\/wp-json\/wp\/v2\/cmcal_calendar?post=9106"}],"curies":[{"name":"wp","href":"https:\/\/api.w.org\/{rel}","templated":true}]}}

<div>A little more than twenty years after the last National Congress of Numismatics, it was necessary to resume the organization of these scientific meetings that allow the presentation of the most recent advances in numismatic research and always provide a useful confraternization between all scholars and interested in the development of this science, as well as its divulgation to new publics, especially among the younger generations.</div>
<div>
Aware of this imperative and in the context of the commemoration of the 70th anniversary of its formal foundation that occurs in 2022, the Board of the Portuguese Numismatic Society decided that this was the right time to move forward with the organization of the  <strong>VI National Congress of Numismatics</strong>, will take place in  <strong>Faculdade de Letras da Universidade do Porto, on November 24-26, 2022</strong>The event is also supported by the Porto City Hall, Imprensa Nacional-Casa da Moeda, Dr. António Cupertino de Miranda Foundation and Museu do Papel Moeda, Associação Comercial do Porto, Niepoort S.A., CITCEM-Centro de Investigação Transdisciplinar, Cultura, Espaço e Memória, Numisma S.A., Numisporto, Adriano Gomes (Numismatica), Portuscalle Numismática, among other public and private entities.</div>
<div>
SPN appreciates the important support received from the entities and personalities it contacted, believing that this collaboration will certainly be extended to the entire numismatic community in Portugal, as well as to all those interested in the study, appreciation and promotion of our common numismatic heritage. With about a hundred registered participants already, we believe that this congress will mark a new collaborative stage among all scholars and enthusiasts of this area of knowledge, boosting numismatic collecting and research in Portugal.</p>
</div>
<div>All information about VICNN Porto&#8217;22 is available at: <a href="https://vi-cnnum-porto22.weebly.com/">https://vi-cnnum-porto22.weebly.com/</a></p>
<p><strong>Local:</strong><br />
October 24 &#8211; Almeida Garrett Municipal Library Auditorium<br />
November 25th and 26th &#8211; Anfiteatro Nobre da FLUP</p>
<p><strong><a href="https://vi-cnnum-porto22.weebly.com/inscriccedilatildeo.html" target="_blank" rel="noopener">Open Enrollment<br />
</a></strong></div>
<div></div>
<div>
<h4>Files</h4>
<p><a href="https://citcem2023.citcem.org/wp-content/uploads/2023/01/VICNN_DivulgacaIo_geral_Programa_20221109.pdf" download="">Program</a></p>
</div>
