{"id":9098,"date":"2023-01-13T00:58:56","date_gmt":"2023-01-13T00:58:56","guid":{"rendered":"https:\/\/citcem2023.citcem.org\/eventos\/making-texts-speak\/"},"modified":"2023-02-19T18:35:54","modified_gmt":"2023-02-19T18:35:54","slug":"making-texts-speak","status":"publish","type":"eventos","link":"https:\/\/citcem2023.citcem.org\/en\/events\/making-texts-speak\/","title":{"rendered":"&#8220;Making Texts Speak&#8221;"},"content":{"rendered":"<div class=\"col-sm-12\">\n<div class=\"news-text\">\n<p>Aur\u00e9lio Vargas D\u00edaz-Toledo (U. Completense of Madrid) and Pedro Monteiro (FLUP), moderated by Jorge Os\u00f3rio (FLUP), will explore the &#8220;500 Years of the Publication of the Chronicle of Emperor Clarimund (1522)&#8221;, as part of the open seminar &#8220;Making Texts Speak&#8221;.<\/p>\n<p>&nbsp;<\/p>\n<p>Organizing Committee:<\/p>\n<p>Zulmira Santos,<\/p>\n<p>Isabel Moruj\u00e3o<\/p>\n<p>Lu\u00eds Fardilha<\/p>\n<p>Paula Mendes Almeida<\/p>\n<p>&nbsp;<\/p>\n<\/div>\n<h4>Files<\/h4>\n<p><a href=\"https:\/\/citcem2023.citcem.org\/wp-content\/uploads\/2023\/01\/2022_11_CLARIMUNDO_MENDES_cartaz_FINAL_1-scaled.jpg\" download=\"\">Poster<\/a><\/p>\n<\/div>\n","protected":false},"featured_media":9005,"template":"","ano-evento":[270],"tipo-eventos":[276],"cmcal_calendar":[],"_links":{"self":[{"href":"https:\/\/citcem2023.citcem.org\/en\/wp-json\/wp\/v2\/eventos\/9098"}],"collection":[{"href":"https:\/\/citcem2023.citcem.org\/en\/wp-json\/wp\/v2\/eventos"}],"about":[{"href":"https:\/\/citcem2023.citcem.org\/en\/wp-json\/wp\/v2\/types\/eventos"}],"version-history":[{"count":0,"href":"https:\/\/citcem2023.citcem.org\/en\/wp-json\/wp\/v2\/eventos\/9098\/revisions"}],"wp:featuredmedia":[{"embeddable":true,"href":"https:\/\/citcem2023.citcem.org\/en\/wp-json\/wp\/v2\/media\/9005"}],"wp:attachment":[{"href":"https:\/\/citcem2023.citcem.org\/en\/wp-json\/wp\/v2\/media?parent=9098"}],"wp:term":[{"taxonomy":"ano-evento","embeddable":true,"href":"https:\/\/citcem2023.citcem.org\/en\/wp-json\/wp\/v2\/ano-evento?post=9098"},{"taxonomy":"tipo-eventos","embeddable":true,"href":"https:\/\/citcem2023.citcem.org\/en\/wp-json\/wp\/v2\/tipo-eventos?post=9098"},{"taxonomy":"cmcal_calendar","embeddable":true,"href":"https:\/\/citcem2023.citcem.org\/en\/wp-json\/wp\/v2\/cmcal_calendar?post=9098"}],"curies":[{"name":"wp","href":"https:\/\/api.w.org\/{rel}","templated":true}]}}

<div class="col-sm-12">
<div class="news-text">
<p>Aurélio Vargas Díaz-Toledo (U. Completense of Madrid) and Pedro Monteiro (FLUP), moderated by Jorge Osório (FLUP), will explore the &#8220;500 Years of the Publication of the Chronicle of Emperor Clarimund (1522)&#8221;, as part of the open seminar &#8220;Making Texts Speak&#8221;.</p>
<p>&nbsp;</p>
<p>Organizing Committee:</p>
<p>Zulmira Santos,</p>
<p>Isabel Morujão</p>
<p>Luís Fardilha</p>
<p>Paula Mendes Almeida</p>
<p>&nbsp;</p>
</div>
<h4>Files</h4>
<p><a href="https://citcem2023.citcem.org/wp-content/uploads/2023/01/2022_11_CLARIMUNDO_MENDES_cartaz_FINAL_1-scaled.jpg" download="">Poster</a></p>
</div>
