{"id":9090,"date":"2023-01-13T01:07:41","date_gmt":"2023-01-13T01:07:41","guid":{"rendered":"https:\/\/citcem2023.citcem.org\/eventos\/the-camoes-workshop-teaching-the-lusiads-450-years-later\/"},"modified":"2023-02-19T18:35:08","modified_gmt":"2023-02-19T18:35:08","slug":"the-camoes-workshop-teaching-the-lusiads-450-years-later","status":"publish","type":"eventos","link":"https:\/\/citcem2023.citcem.org\/en\/events\/the-camoes-workshop-teaching-the-lusiads-450-years-later\/","title":{"rendered":"The Cam\u00f5es Workshop: teaching The Lusiads 450 years later"},"content":{"rendered":"<div class=\"col-sm-12\">\n<div class=\"news-text\">\n<p>On December 14th, at 3pm, in the DEPER room, &#8220;Cam\u00f5es&#8217; Workshop: teaching The<em> Lusiads<\/em> 450 years later&#8221; will take place.<\/p>\n<p>Besides a lecture by Jos\u00e9 Augusto Cardoso Bernardes (FLUC) on &#8220;The teaching of Cam\u00f5es in Portuguese schools&#8221;, there will also be a presentation of his book<em> Cam\u00f5es&#8217; workshop. Notes on the Lusiads.<\/em><\/p>\n<p>Organizing Committee:<\/p>\n<p>Zulmira Santos<\/p>\n<p>Lu\u00eds Fardilha<\/p>\n<p>Isabel Moruj\u00e3o<\/p>\n<p>Paula Almeida Mendes<\/p>\n<p>&nbsp;<\/p>\n<\/div>\n<h4>Files<\/h4>\n<p><a href=\"https:\/\/citcem2023.citcem.org\/wp-content\/uploads\/2023\/01\/A_OFICINA_DE_CAMyoES_2-1_copiar_21-scaled.jpg\" download=\"\">Poster<\/a><\/p>\n<\/div>\n","protected":false},"featured_media":9019,"template":"","ano-evento":[270],"tipo-eventos":[288],"cmcal_calendar":[],"_links":{"self":[{"href":"https:\/\/citcem2023.citcem.org\/en\/wp-json\/wp\/v2\/eventos\/9090"}],"collection":[{"href":"https:\/\/citcem2023.citcem.org\/en\/wp-json\/wp\/v2\/eventos"}],"about":[{"href":"https:\/\/citcem2023.citcem.org\/en\/wp-json\/wp\/v2\/types\/eventos"}],"version-history":[{"count":0,"href":"https:\/\/citcem2023.citcem.org\/en\/wp-json\/wp\/v2\/eventos\/9090\/revisions"}],"wp:featuredmedia":[{"embeddable":true,"href":"https:\/\/citcem2023.citcem.org\/en\/wp-json\/wp\/v2\/media\/9019"}],"wp:attachment":[{"href":"https:\/\/citcem2023.citcem.org\/en\/wp-json\/wp\/v2\/media?parent=9090"}],"wp:term":[{"taxonomy":"ano-evento","embeddable":true,"href":"https:\/\/citcem2023.citcem.org\/en\/wp-json\/wp\/v2\/ano-evento?post=9090"},{"taxonomy":"tipo-eventos","embeddable":true,"href":"https:\/\/citcem2023.citcem.org\/en\/wp-json\/wp\/v2\/tipo-eventos?post=9090"},{"taxonomy":"cmcal_calendar","embeddable":true,"href":"https:\/\/citcem2023.citcem.org\/en\/wp-json\/wp\/v2\/cmcal_calendar?post=9090"}],"curies":[{"name":"wp","href":"https:\/\/api.w.org\/{rel}","templated":true}]}}

The Camões Workshop: teaching The Lusiads 450 years later

<div class="col-sm-12">
<div class="news-text">
<p>On December 14th, at 3pm, in the DEPER room, &#8220;Camões&#8217; Workshop: teaching The<em> Lusiads</em> 450 years later&#8221; will take place.</p>
<p>Besides a lecture by José Augusto Cardoso Bernardes (FLUC) on &#8220;The teaching of Camões in Portuguese schools&#8221;, there will also be a presentation of his book<em> Camões&#8217; workshop. Notes on the Lusiads.</em></p>
<p>Organizing Committee:</p>
<p>Zulmira Santos</p>
<p>Luís Fardilha</p>
<p>Isabel Morujão</p>
<p>Paula Almeida Mendes</p>
<p>&nbsp;</p>
</div>
<h4>Files</h4>
<p><a href="https://citcem2023.citcem.org/wp-content/uploads/2023/01/A_OFICINA_DE_CAMyoES_2-1_copiar_21-scaled.jpg" download="">Poster</a></p>
</div>
