{"id":13189,"date":"2023-09-05T16:47:33","date_gmt":"2023-09-05T16:47:33","guid":{"rendered":"https:\/\/citcem2023.citcem.org\/?post_type=eventos&#038;p=13189"},"modified":"2023-09-05T16:47:57","modified_gmt":"2023-09-05T16:47:57","slug":"13189","status":"publish","type":"eventos","link":"https:\/\/citcem2023.citcem.org\/en\/eventos\/13189\/","title":{"rendered":"Margens de produ\u00e7\u00e3o: rela\u00e7\u00f5es entre o rio e agricultura no Minante"},"content":{"rendered":"<p>Convidamos toda a comunidade local a participar em mais uma\u00a0sess\u00e3o sobre as mem\u00f3rias e viv\u00eancias no Minante e sua envolv\u00eancia.<\/p>\n<p>Relembrando a fun\u00e7\u00e3o operacional das azenhas como serra\u00e7\u00e3o, engenho de linho e moinho de farinha, a oficina &#8220;Margens de produ\u00e7\u00e3o&#8221; prop\u00f5e olhar de novo para as mat\u00e9rias que fizeram parte do lugar, em di\u00e1logo com a sua condi\u00e7\u00e3o atual.<br \/>\nPartindo da tradi\u00e7\u00e3o de estruturas tempor\u00e1rias de madeira, reminiscentes das festividades locais nas freguesias cont\u00edguas ao rio, imagens de arquivo e sistemas tradicionais de irriga\u00e7\u00e3o e intera\u00e7\u00e3o com o rio, com esta oficina pretende-se a cria\u00e7\u00e3o coletiva de uma s\u00e9rie de objetos\/estruturas que convocam outros modos de rela\u00e7\u00e3o com o rio.<\/p>\n<p>As inscri\u00e7\u00f5es s\u00e3o obrigat\u00f3rias em https:\/\/linktr.ee\/associacaorioneiva<\/p>\n<p>O Projeto Minante \u00e9 promovido pela Rio Neiva &#8211; Associa\u00e7\u00e3o de Defesa do Ambiente, em parceria com o CITCEM &#8211; Centro de Investiga\u00e7\u00e3o Transdisciplinar Cultura Espa\u00e7o e Mem\u00f3ria, a C\u00e2mara Municipal de Esposende e a C\u00e2mara Municipal de Viana do Castelo. Tamb\u00e9m contamos com o apoio das Juntas de Freguesia de S\u00e3o Rom\u00e3o do Neiva e de S.P. de Antas, como parceiros associados.<\/p>\n<p>\u00c9 um projeto financiado pela EIT Community \/ Uni\u00e3o Europeia, inserido no programa New European Bauhaus.<\/p>\n","protected":false},"featured_media":13190,"template":"","ano-evento":[310],"tipo-eventos":[212],"cmcal_calendar":[],"_links":{"self":[{"href":"https:\/\/citcem2023.citcem.org\/en\/wp-json\/wp\/v2\/eventos\/13189"}],"collection":[{"href":"https:\/\/citcem2023.citcem.org\/en\/wp-json\/wp\/v2\/eventos"}],"about":[{"href":"https:\/\/citcem2023.citcem.org\/en\/wp-json\/wp\/v2\/types\/eventos"}],"version-history":[{"count":1,"href":"https:\/\/citcem2023.citcem.org\/en\/wp-json\/wp\/v2\/eventos\/13189\/revisions"}],"predecessor-version":[{"id":13193,"href":"https:\/\/citcem2023.citcem.org\/en\/wp-json\/wp\/v2\/eventos\/13189\/revisions\/13193"}],"wp:featuredmedia":[{"embeddable":true,"href":"https:\/\/citcem2023.citcem.org\/en\/wp-json\/wp\/v2\/media\/13190"}],"wp:attachment":[{"href":"https:\/\/citcem2023.citcem.org\/en\/wp-json\/wp\/v2\/media?parent=13189"}],"wp:term":[{"taxonomy":"ano-evento","embeddable":true,"href":"https:\/\/citcem2023.citcem.org\/en\/wp-json\/wp\/v2\/ano-evento?post=13189"},{"taxonomy":"tipo-eventos","embeddable":true,"href":"https:\/\/citcem2023.citcem.org\/en\/wp-json\/wp\/v2\/tipo-eventos?post=13189"},{"taxonomy":"cmcal_calendar","embeddable":true,"href":"https:\/\/citcem2023.citcem.org\/en\/wp-json\/wp\/v2\/cmcal_calendar?post=13189"}],"curies":[{"name":"wp","href":"https:\/\/api.w.org\/{rel}","templated":true}]}}

Margens de produção: relações entre o rio e agricultura no Minante

<p>Convidamos toda a comunidade local a participar em mais uma sessão sobre as memórias e vivências no Minante e sua envolvência.</p>
<p>Relembrando a função operacional das azenhas como serração, engenho de linho e moinho de farinha, a oficina &#8220;Margens de produção&#8221; propõe olhar de novo para as matérias que fizeram parte do lugar, em diálogo com a sua condição atual.<br />
Partindo da tradição de estruturas temporárias de madeira, reminiscentes das festividades locais nas freguesias contíguas ao rio, imagens de arquivo e sistemas tradicionais de irrigação e interação com o rio, com esta oficina pretende-se a criação coletiva de uma série de objetos/estruturas que convocam outros modos de relação com o rio.</p>
<p>As inscrições são obrigatórias em https://linktr.ee/associacaorioneiva</p>
<p>O Projeto Minante é promovido pela Rio Neiva &#8211; Associação de Defesa do Ambiente, em parceria com o CITCEM &#8211; Centro de Investigação Transdisciplinar Cultura Espaço e Memória, a Câmara Municipal de Esposende e a Câmara Municipal de Viana do Castelo. Também contamos com o apoio das Juntas de Freguesia de São Romão do Neiva e de S.P. de Antas, como parceiros associados.</p>
<p>É um projeto financiado pela EIT Community / União Europeia, inserido no programa New European Bauhaus.</p>
