{"id":12447,"date":"2023-07-24T15:02:52","date_gmt":"2023-07-24T15:02:52","guid":{"rendered":"https:\/\/citcem2023.citcem.org\/?post_type=eventos&#038;p=12447"},"modified":"2023-07-24T15:03:30","modified_gmt":"2023-07-24T15:03:30","slug":"lancamento-do-projeto-minante-dia-28-de-julho-18h","status":"publish","type":"eventos","link":"https:\/\/citcem2023.citcem.org\/en\/eventos\/lancamento-do-projeto-minante-dia-28-de-julho-18h\/","title":{"rendered":"Lan\u00e7amento do Projeto &#8216;Minante&#8217;, dia 28 de julho, 18h"},"content":{"rendered":"<p>\u00c9 com imensa alegria que te convidamos para o lan\u00e7amento deste projeto, que visa valorizar e preservar o espa\u00e7o p\u00fablico na zona do Minante, repleto de mem\u00f3rias e viv\u00eancias da nossa comunidade.<\/p>\n<p>\ud83d\udcc5\u00a0Data: Sexta-feira, 28 de julho<br \/>\n\u23f0\u00a0Hor\u00e1rio: 18h<br \/>\n\ud83d\udccd\u00a0Local: zona do Minante, Rio Neiva<\/p>\n<p>O que esperar do evento:<\/p>\n<p>&#8211; Apresenta\u00e7\u00e3o do Projeto, onde compartilharemos as nossas inspira\u00e7\u00f5es, metas e a\u00e7\u00f5es que tornar\u00e3o o Minante ainda mais especial.<\/p>\n<p>&#8211; Assiste \u00e0 performance das \u2018Cantadeiras do Vale do Neiva\u2019, que trar\u00e3o as belas tradi\u00e7\u00f5es musicais da regi\u00e3o.<\/p>\n<p>&#8211; Participa num Workshop interativo, como um momento de co-cria\u00e7\u00e3o e partilha de ideias.<\/p>\n<p>&#8211; E claro, desfruta de um delicioso lanche preparado com carinho para todos os presentes.<\/p>\n<p>O <a href=\"http:\/\/briefing_agenda_minante_pt\">projeto:<\/a><\/p>\n<p>&#8216;Minante \u2013 prototipar uma experi\u00eancia natural e cultural&#8217; \u00e9 um projeto de \u00e2mbito local com\u00a0o objetivo de experimentar e testar novas formas de contemplar e usufruir o espa\u00e7o\u00a0p\u00fablico na zona do Minante, no rio Neiva, nomeadamente nos trilhos e caminhos\u00a0p\u00fablicos existentes que percorrem ambas as margens.\u00a0O projeto baseia-se num conjunto de interven\u00e7\u00f5es co-criadas com, pela e para a\u00a0comunidade local, valorizando a diversidade de perspetivas que resultem em\u00a0experi\u00eancias distintas, materiais ou imateriais.<\/p>\n<p>&nbsp;<\/p>\n<p>Prop\u00f5e realizar um conjunto de eventos abertos e participativos que resultar\u00e3o, para\u00a0al\u00e9m das diversas interven\u00e7\u00f5es na zona do Minante, num v\u00eddeo-document\u00e1rio, numa\u00a0exposi\u00e7\u00e3o fotogr\u00e1fica, num artigo cient\u00edfico, e numa reflex\u00e3o sobre o futuro deste espa\u00e7o\u00a0p\u00fablico.<\/p>\n<p>Este projeto \u00e9\u00a0promovido pela Rio Neiva &#8211; Associa\u00e7\u00e3o de Defesa do Ambiente, em parceria com o CITCEM &#8211; Centro de Investiga\u00e7\u00e3o Transdisciplinar Cultura Espa\u00e7o e Mem\u00f3ria, o Munic\u00edpio de Esposende e o Munic\u00edpio de Viana do Castelo.<\/p>\n<p>&nbsp;<\/p>\n<p>\u00c9 um projeto financiado pela EIT Community \/ Uni\u00e3o Europeia, inserido no programa New European Bauhaus.\u00a0Sendo um projeto apoiado no \u00e2mbito da Nova Bauhaus Europeia, encontra-se\u00a0sustentado nos valores da Sustentabilidade, Inclus\u00e3o e Est\u00e9tica, seguindo uma\u00a0abordagem Participativa, Transdisciplinar, e Multi-n\u00edvel.<\/p>\n<p>&nbsp;<\/p>\n<p>&nbsp;<\/p>\n","protected":false},"featured_media":12449,"template":"","ano-evento":[310],"tipo-eventos":[353],"cmcal_calendar":[],"_links":{"self":[{"href":"https:\/\/citcem2023.citcem.org\/en\/wp-json\/wp\/v2\/eventos\/12447"}],"collection":[{"href":"https:\/\/citcem2023.citcem.org\/en\/wp-json\/wp\/v2\/eventos"}],"about":[{"href":"https:\/\/citcem2023.citcem.org\/en\/wp-json\/wp\/v2\/types\/eventos"}],"version-history":[{"count":1,"href":"https:\/\/citcem2023.citcem.org\/en\/wp-json\/wp\/v2\/eventos\/12447\/revisions"}],"predecessor-version":[{"id":12453,"href":"https:\/\/citcem2023.citcem.org\/en\/wp-json\/wp\/v2\/eventos\/12447\/revisions\/12453"}],"wp:featuredmedia":[{"embeddable":true,"href":"https:\/\/citcem2023.citcem.org\/en\/wp-json\/wp\/v2\/media\/12449"}],"wp:attachment":[{"href":"https:\/\/citcem2023.citcem.org\/en\/wp-json\/wp\/v2\/media?parent=12447"}],"wp:term":[{"taxonomy":"ano-evento","embeddable":true,"href":"https:\/\/citcem2023.citcem.org\/en\/wp-json\/wp\/v2\/ano-evento?post=12447"},{"taxonomy":"tipo-eventos","embeddable":true,"href":"https:\/\/citcem2023.citcem.org\/en\/wp-json\/wp\/v2\/tipo-eventos?post=12447"},{"taxonomy":"cmcal_calendar","embeddable":true,"href":"https:\/\/citcem2023.citcem.org\/en\/wp-json\/wp\/v2\/cmcal_calendar?post=12447"}],"curies":[{"name":"wp","href":"https:\/\/api.w.org\/{rel}","templated":true}]}}

Lançamento do Projeto &#8216;Minante&#8217;, dia 28 de julho, 18h

<p>É com imensa alegria que te convidamos para o lançamento deste projeto, que visa valorizar e preservar o espaço público na zona do Minante, repleto de memórias e vivências da nossa comunidade.</p>
<p>📅 Data: Sexta-feira, 28 de julho<br />
⏰ Horário: 18h<br />
📍 Local: zona do Minante, Rio Neiva</p>
<p>O que esperar do evento:</p>
<p>&#8211; Apresentação do Projeto, onde compartilharemos as nossas inspirações, metas e ações que tornarão o Minante ainda mais especial.</p>
<p>&#8211; Assiste à performance das ‘Cantadeiras do Vale do Neiva’, que trarão as belas tradições musicais da região.</p>
<p>&#8211; Participa num Workshop interativo, como um momento de co-criação e partilha de ideias.</p>
<p>&#8211; E claro, desfruta de um delicioso lanche preparado com carinho para todos os presentes.</p>
<p>O <a href="http://briefing_agenda_minante_pt">projeto:</a></p>
<p>&#8216;Minante – prototipar uma experiência natural e cultural&#8217; é um projeto de âmbito local com o objetivo de experimentar e testar novas formas de contemplar e usufruir o espaço público na zona do Minante, no rio Neiva, nomeadamente nos trilhos e caminhos públicos existentes que percorrem ambas as margens. O projeto baseia-se num conjunto de intervenções co-criadas com, pela e para a comunidade local, valorizando a diversidade de perspetivas que resultem em experiências distintas, materiais ou imateriais.</p>
<p>&nbsp;</p>
<p>Propõe realizar um conjunto de eventos abertos e participativos que resultarão, para além das diversas intervenções na zona do Minante, num vídeo-documentário, numa exposição fotográfica, num artigo científico, e numa reflexão sobre o futuro deste espaço público.</p>
<p>Este projeto é promovido pela Rio Neiva &#8211; Associação de Defesa do Ambiente, em parceria com o CITCEM &#8211; Centro de Investigação Transdisciplinar Cultura Espaço e Memória, o Município de Esposende e o Município de Viana do Castelo.</p>
<p>&nbsp;</p>
<p>É um projeto financiado pela EIT Community / União Europeia, inserido no programa New European Bauhaus. Sendo um projeto apoiado no âmbito da Nova Bauhaus Europeia, encontra-se sustentado nos valores da Sustentabilidade, Inclusão e Estética, seguindo uma abordagem Participativa, Transdisciplinar, e Multi-nível.</p>
<p>&nbsp;</p>
<p>&nbsp;</p>
