{"id":12398,"date":"2023-07-18T17:20:43","date_gmt":"2023-07-18T17:20:43","guid":{"rendered":"https:\/\/citcem2023.citcem.org\/?post_type=eventos&#038;p=12398"},"modified":"2023-07-18T17:20:43","modified_gmt":"2023-07-18T17:20:43","slug":"congresso-territorios-esquecidos-da-arqueologia-portuguesa-o-caso-do-vale-do-douro","status":"publish","type":"eventos","link":"https:\/\/citcem2023.citcem.org\/en\/eventos\/congresso-territorios-esquecidos-da-arqueologia-portuguesa-o-caso-do-vale-do-douro\/","title":{"rendered":"Congresso Territ\u00f3rios Esquecidos da Arqueologia Portuguesa &#8211; o caso do Vale do Douro"},"content":{"rendered":"<p>O Congresso Internacional &#8220;Territ\u00f3rios esquecidos da Arqueologia Portuguesa &#8211; o caso do Vale do Douro&#8221;\u00a0 ir\u00e1 decorrer nos pr\u00f3ximos dias 30 de Setembro e 1 de Outubro de 2023, no Audit\u00f3rio Municipal de Alij\u00f3.<\/p>\n<p>Poder\u00e1 consultar o programa completo do congresso aqui:\u00a0<a href=\"https:\/\/drive.google.com\/file\/d\/1oQ6kAdRSqb3yRbCMpobXAkJjaRzk9uZ6\/view?usp=sharing\">Congresso Territ\u00f3rios esquecidos da Arqueologia\u00a0Portuguesa &#8211; o caso do Vale do Douro &#8211; programa<\/a><\/p>\n<p>A participa\u00e7\u00e3o, presencial, no Congresso \u00e9 gratuita, mas necessita de uma\u00a0inscri\u00e7\u00e3o pr\u00e9via <strong>at\u00e9 ao dia 5 de Setembro<\/strong>, atrav\u00e9s do preenchimento do seguinte <a href=\"https:\/\/docs.google.com\/forms\/d\/1uTx2Njhs3KGeIBXfBw8XzpNcqJkx1iM4i86SsRQB_i0\/prefill\">formul\u00e1rio<\/a>.<\/p>\n<p>A organiza\u00e7\u00e3o deste evento resulta de uma parceria entre a C\u00e2mara Municipal de Alij\u00f3, o Centro de Investiga\u00e7\u00e3o Cultura, Espa\u00e7o e Mem\u00f3ria (Faculdade de Letras da Universidade do Porto),\u00a0a EVEHA International, a GAROM &#8211; Amis des Mus\u00e9es Gallo Romains e\u00a0da Revue des Oenologues (Fran\u00e7a).<\/p>\n","protected":false},"featured_media":12396,"template":"","ano-evento":[310],"tipo-eventos":[211],"cmcal_calendar":[],"_links":{"self":[{"href":"https:\/\/citcem2023.citcem.org\/en\/wp-json\/wp\/v2\/eventos\/12398"}],"collection":[{"href":"https:\/\/citcem2023.citcem.org\/en\/wp-json\/wp\/v2\/eventos"}],"about":[{"href":"https:\/\/citcem2023.citcem.org\/en\/wp-json\/wp\/v2\/types\/eventos"}],"version-history":[{"count":1,"href":"https:\/\/citcem2023.citcem.org\/en\/wp-json\/wp\/v2\/eventos\/12398\/revisions"}],"predecessor-version":[{"id":12401,"href":"https:\/\/citcem2023.citcem.org\/en\/wp-json\/wp\/v2\/eventos\/12398\/revisions\/12401"}],"wp:featuredmedia":[{"embeddable":true,"href":"https:\/\/citcem2023.citcem.org\/en\/wp-json\/wp\/v2\/media\/12396"}],"wp:attachment":[{"href":"https:\/\/citcem2023.citcem.org\/en\/wp-json\/wp\/v2\/media?parent=12398"}],"wp:term":[{"taxonomy":"ano-evento","embeddable":true,"href":"https:\/\/citcem2023.citcem.org\/en\/wp-json\/wp\/v2\/ano-evento?post=12398"},{"taxonomy":"tipo-eventos","embeddable":true,"href":"https:\/\/citcem2023.citcem.org\/en\/wp-json\/wp\/v2\/tipo-eventos?post=12398"},{"taxonomy":"cmcal_calendar","embeddable":true,"href":"https:\/\/citcem2023.citcem.org\/en\/wp-json\/wp\/v2\/cmcal_calendar?post=12398"}],"curies":[{"name":"wp","href":"https:\/\/api.w.org\/{rel}","templated":true}]}}

Congresso Territórios Esquecidos da Arqueologia Portuguesa &#8211; o caso do Vale do Douro

<p>O Congresso Internacional &#8220;Territórios esquecidos da Arqueologia Portuguesa &#8211; o caso do Vale do Douro&#8221;  irá decorrer nos próximos dias 30 de Setembro e 1 de Outubro de 2023, no Auditório Municipal de Alijó.</p>
<p>Poderá consultar o programa completo do congresso aqui: <a href="https://drive.google.com/file/d/1oQ6kAdRSqb3yRbCMpobXAkJjaRzk9uZ6/view?usp=sharing">Congresso Territórios esquecidos da Arqueologia Portuguesa &#8211; o caso do Vale do Douro &#8211; programa</a></p>
<p>A participação, presencial, no Congresso é gratuita, mas necessita de uma inscrição prévia <strong>até ao dia 5 de Setembro</strong>, através do preenchimento do seguinte <a href="https://docs.google.com/forms/d/1uTx2Njhs3KGeIBXfBw8XzpNcqJkx1iM4i86SsRQB_i0/prefill">formulário</a>.</p>
<p>A organização deste evento resulta de uma parceria entre a Câmara Municipal de Alijó, o Centro de Investigação Cultura, Espaço e Memória (Faculdade de Letras da Universidade do Porto), a EVEHA International, a GAROM &#8211; Amis des Musées Gallo Romains e da Revue des Oenologues (França).</p>
