{"id":12278,"date":"2023-06-23T11:18:39","date_gmt":"2023-06-23T11:18:39","guid":{"rendered":"https:\/\/citcem2023.citcem.org\/?post_type=eventos&#038;p=12278"},"modified":"2023-06-26T11:25:40","modified_gmt":"2023-06-26T11:25:40","slug":"34o-team-time","status":"publish","type":"eventos","link":"https:\/\/citcem2023.citcem.org\/en\/eventos\/34o-team-time\/","title":{"rendered":"34\u00ba Tea(m) Time\u00a0"},"content":{"rendered":"<p>E\u00a0 <strong>sexta-feira,<\/strong> <strong>30 de junho<\/strong>,\u00a0\u00e0s\u00a0<strong>18h30 <\/strong>\u00e9 dia de <strong>Tea(m) Time<\/strong>. Contar\u00e1 com a apresenta\u00e7\u00e3o do membro <a href=\"https:\/\/sigarra.up.pt\/flup\/pt\/func_geral.formview?p_codigo=214899\">In\u00eas Amorim<\/a>!<\/p>\n<p>Este \u00e9 um evento onde os elementos do Grupo &#8220;Informa\u00e7\u00e3o, Comunica\u00e7\u00e3o e Cultura Digital&#8221; do CITCEM apresentam os seus interesses, trabalhos e resultados, e os debatem com convidadas\/os.<\/p>\n<p>O acesso \u00e9\u00a0livre a todas\/os pelo Zoom:\u00a0<strong>\u00a0<\/strong><a href=\"https:\/\/videoconf-colibri.zoom.us\/j\/7590149100\">https:\/\/videoconf-colibri.zoom.us\/j\/7590149100<\/a><\/p>\n","protected":false},"featured_media":12041,"template":"","ano-evento":[310],"tipo-eventos":[293],"cmcal_calendar":[],"_links":{"self":[{"href":"https:\/\/citcem2023.citcem.org\/en\/wp-json\/wp\/v2\/eventos\/12278"}],"collection":[{"href":"https:\/\/citcem2023.citcem.org\/en\/wp-json\/wp\/v2\/eventos"}],"about":[{"href":"https:\/\/citcem2023.citcem.org\/en\/wp-json\/wp\/v2\/types\/eventos"}],"version-history":[{"count":1,"href":"https:\/\/citcem2023.citcem.org\/en\/wp-json\/wp\/v2\/eventos\/12278\/revisions"}],"predecessor-version":[{"id":12282,"href":"https:\/\/citcem2023.citcem.org\/en\/wp-json\/wp\/v2\/eventos\/12278\/revisions\/12282"}],"wp:featuredmedia":[{"embeddable":true,"href":"https:\/\/citcem2023.citcem.org\/en\/wp-json\/wp\/v2\/media\/12041"}],"wp:attachment":[{"href":"https:\/\/citcem2023.citcem.org\/en\/wp-json\/wp\/v2\/media?parent=12278"}],"wp:term":[{"taxonomy":"ano-evento","embeddable":true,"href":"https:\/\/citcem2023.citcem.org\/en\/wp-json\/wp\/v2\/ano-evento?post=12278"},{"taxonomy":"tipo-eventos","embeddable":true,"href":"https:\/\/citcem2023.citcem.org\/en\/wp-json\/wp\/v2\/tipo-eventos?post=12278"},{"taxonomy":"cmcal_calendar","embeddable":true,"href":"https:\/\/citcem2023.citcem.org\/en\/wp-json\/wp\/v2\/cmcal_calendar?post=12278"}],"curies":[{"name":"wp","href":"https:\/\/api.w.org\/{rel}","templated":true}]}}

34º Tea(m) Time

<p>E  <strong>sexta-feira,</strong> <strong>30 de junho</strong>, às <strong>18h30 </strong>é dia de <strong>Tea(m) Time</strong>. Contará com a apresentação do membro <a href="https://sigarra.up.pt/flup/pt/func_geral.formview?p_codigo=214899">Inês Amorim</a>!</p>
<p>Este é um evento onde os elementos do Grupo &#8220;Informação, Comunicação e Cultura Digital&#8221; do CITCEM apresentam os seus interesses, trabalhos e resultados, e os debatem com convidadas/os.</p>
<p>O acesso é livre a todas/os pelo Zoom: <strong> </strong><a href="https://videoconf-colibri.zoom.us/j/7590149100">https://videoconf-colibri.zoom.us/j/7590149100</a></p>
