{"id":12023,"date":"2023-05-08T18:06:52","date_gmt":"2023-05-08T18:06:52","guid":{"rendered":"https:\/\/citcem2023.citcem.org\/?post_type=eventos&#038;p=12023"},"modified":"2023-05-26T15:04:35","modified_gmt":"2023-05-26T15:04:35","slug":"mandei-lhe-uma-carta-a-obra-poetica-e-o-pensamento-politico-de-viriato-da-cruz","status":"publish","type":"eventos","link":"https:\/\/citcem2023.citcem.org\/en\/eventos\/mandei-lhe-uma-carta-a-obra-poetica-e-o-pensamento-politico-de-viriato-da-cruz\/","title":{"rendered":"&#8220;Mandei-lhe uma carta&#8221;: a obra po\u00e9tica e o pensamento pol\u00edtico de Viriato da Cruz"},"content":{"rendered":"<p>Para assinalar os 50 anos do falecimento de Viriato da Cruz, em Pequim, a Comiss\u00e3o Viriato da Cruz realizar\u00e1 na Universidade do Porto, entre 22 e 23 de junho de 2023, uma confer\u00eancia internacional sobre a sua obra po\u00e9tica e o seu pensamento pol\u00edtico.<\/p>\n<p>Admitindo que a sua poesia\u00a0militante pressup\u00f5e uma an\u00e1lise sociol\u00f3gica, humana e pol\u00edtica pr\u00e9via, o estudo da obra po\u00e9tica de Viriato da Cruz desafia an\u00e1lises liter\u00e1rias lineares.<\/p>\n<p>Ademais, por um lado, longe de ser uma entidade est\u00e1tica, o seu pensamento pol\u00edtico passa por in\u00fameras metamorfoses; por outro lado, a sua interven\u00e7\u00e3o pol\u00edtica em in\u00fameras organiza\u00e7\u00f5es pol\u00edticas, sediadas em diferentes pa\u00edses e continentes, \u00e9 dificilmente compat\u00edvel com r\u00edgidos quadros te\u00f3ricos e ideol\u00f3gicos.<\/p>\n<p>Neste contexto a confer\u00eancia visa:<\/p>\n<ol>\n<li>Confrontar diferentes perspetivas do seu complexo legado po\u00e9tico.<\/li>\n<li>Compreender os diferentes matizes do seu pensamento pol\u00edtico e da sua interven\u00e7\u00e3o pol\u00edtico-partid\u00e1ria.<\/li>\n<\/ol>\n<p>&nbsp;<\/p>\n<p><a href=\"https:\/\/citcem2023.citcem.org\/wp-content\/uploads\/2023\/05\/2023_MANDEI-LHE-UMA-CARTA_TOPA_programa.pdf\">Programa<\/a><\/p>\n<p>&nbsp;<\/p>\n<p>Informa\u00e7\u00f5es pr\u00e1ticas:<\/p>\n<p>&#8211; A confer\u00eancia ser\u00e1 realizada em modo h\u00edbrido na Casa dos Livros-Faculdade de Letras da Universidade do Porto.<\/p>\n<p>&#8211; O Col\u00f3quio \u00e9 gratuito para todos os conferencistas e demais participantes.<\/p>\n<p>&#8211; Fatores diversos n\u00e3o nos permitem subsidiar as viagens e alojamento para os conferencistas. Temos a inten\u00e7\u00e3o de publicar as comunica\u00e7\u00f5es.<\/p>\n<p>&nbsp;<\/p>\n<p>Comiss\u00e3o Cient\u00edfica<\/p>\n<ul>\n<li>Angela Lazagna, Investigadora do Grupo de Pesquisa \u201cNeoliberalismo e rela\u00e7\u00f5es de classe no Brasil\u201d \u2013 CNPq\/Unicamp.<\/li>\n<li>Francisco Soares, Investigador do Centro de Investiga\u00e7\u00e3o Transdisciplinar Cultura, Espa\u00e7o e Mem\u00f3ria (CITCEM) e Professor Colaborador do Programa de P\u00f3s-Gradua\u00e7\u00e3o, do Instituto de Letras e Artes, Universidade Federal de Rio<\/li>\n<li>Francisco Topa, Professor Associado do Departamento de Estudos Rom\u00e2nicos da Faculdade de Letras, Universidade do Porto.<\/li>\n<li>Isabel Lobo, Diretora da C\u00e1tedra Ant\u00f3nio Aur\u00e9lio Gon\u00e7alves, Universidade do Mindelo, S\u00e3o Vicente.<\/li>\n<li>Mois\u00e9s Fernandes, Professor Associado e Investigador da licenciatura em Hist\u00f3ria da Faculdade de Letras, Universidade de Lisboa.<\/li>\n<\/ul>\n<p>&nbsp;<\/p>\n<p>&nbsp;<\/p>\n<p>&nbsp;<\/p>\n","protected":false},"featured_media":12057,"template":"","ano-evento":[310],"tipo-eventos":[240],"cmcal_calendar":[],"_links":{"self":[{"href":"https:\/\/citcem2023.citcem.org\/en\/wp-json\/wp\/v2\/eventos\/12023"}],"collection":[{"href":"https:\/\/citcem2023.citcem.org\/en\/wp-json\/wp\/v2\/eventos"}],"about":[{"href":"https:\/\/citcem2023.citcem.org\/en\/wp-json\/wp\/v2\/types\/eventos"}],"version-history":[{"count":2,"href":"https:\/\/citcem2023.citcem.org\/en\/wp-json\/wp\/v2\/eventos\/12023\/revisions"}],"predecessor-version":[{"id":12228,"href":"https:\/\/citcem2023.citcem.org\/en\/wp-json\/wp\/v2\/eventos\/12023\/revisions\/12228"}],"wp:featuredmedia":[{"embeddable":true,"href":"https:\/\/citcem2023.citcem.org\/en\/wp-json\/wp\/v2\/media\/12057"}],"wp:attachment":[{"href":"https:\/\/citcem2023.citcem.org\/en\/wp-json\/wp\/v2\/media?parent=12023"}],"wp:term":[{"taxonomy":"ano-evento","embeddable":true,"href":"https:\/\/citcem2023.citcem.org\/en\/wp-json\/wp\/v2\/ano-evento?post=12023"},{"taxonomy":"tipo-eventos","embeddable":true,"href":"https:\/\/citcem2023.citcem.org\/en\/wp-json\/wp\/v2\/tipo-eventos?post=12023"},{"taxonomy":"cmcal_calendar","embeddable":true,"href":"https:\/\/citcem2023.citcem.org\/en\/wp-json\/wp\/v2\/cmcal_calendar?post=12023"}],"curies":[{"name":"wp","href":"https:\/\/api.w.org\/{rel}","templated":true}]}}

&#8220;Mandei-lhe uma carta&#8221;: a obra poética e o pensamento político de Viriato da Cruz

<p>Para assinalar os 50 anos do falecimento de Viriato da Cruz, em Pequim, a Comissão Viriato da Cruz realizará na Universidade do Porto, entre 22 e 23 de junho de 2023, uma conferência internacional sobre a sua obra poética e o seu pensamento político.</p>
<p>Admitindo que a sua poesia militante pressupõe uma análise sociológica, humana e política prévia, o estudo da obra poética de Viriato da Cruz desafia análises literárias lineares.</p>
<p>Ademais, por um lado, longe de ser uma entidade estática, o seu pensamento político passa por inúmeras metamorfoses; por outro lado, a sua intervenção política em inúmeras organizações políticas, sediadas em diferentes países e continentes, é dificilmente compatível com rígidos quadros teóricos e ideológicos.</p>
<p>Neste contexto a conferência visa:</p>
<ol>
<li>Confrontar diferentes perspetivas do seu complexo legado poético.</li>
<li>Compreender os diferentes matizes do seu pensamento político e da sua intervenção político-partidária.</li>
</ol>
<p>&nbsp;</p>
<p><a href="https://citcem2023.citcem.org/wp-content/uploads/2023/05/2023_MANDEI-LHE-UMA-CARTA_TOPA_programa.pdf">Programa</a></p>
<p>&nbsp;</p>
<p>Informações práticas:</p>
<p>&#8211; A conferência será realizada em modo híbrido na Casa dos Livros-Faculdade de Letras da Universidade do Porto.</p>
<p>&#8211; O Colóquio é gratuito para todos os conferencistas e demais participantes.</p>
<p>&#8211; Fatores diversos não nos permitem subsidiar as viagens e alojamento para os conferencistas. Temos a intenção de publicar as comunicações.</p>
<p>&nbsp;</p>
<p>Comissão Científica</p>
<ul>
<li>Angela Lazagna, Investigadora do Grupo de Pesquisa “Neoliberalismo e relações de classe no Brasil” – CNPq/Unicamp.</li>
<li>Francisco Soares, Investigador do Centro de Investigação Transdisciplinar Cultura, Espaço e Memória (CITCEM) e Professor Colaborador do Programa de Pós-Graduação, do Instituto de Letras e Artes, Universidade Federal de Rio</li>
<li>Francisco Topa, Professor Associado do Departamento de Estudos Românicos da Faculdade de Letras, Universidade do Porto.</li>
<li>Isabel Lobo, Diretora da Cátedra António Aurélio Gonçalves, Universidade do Mindelo, São Vicente.</li>
<li>Moisés Fernandes, Professor Associado e Investigador da licenciatura em História da Faculdade de Letras, Universidade de Lisboa.</li>
</ul>
<p>&nbsp;</p>
<p>&nbsp;</p>
<p>&nbsp;</p>
