{"id":11584,"date":"2023-04-13T09:37:36","date_gmt":"2023-04-13T09:37:36","guid":{"rendered":"https:\/\/citcem2023.citcem.org\/?post_type=eventos&#038;p=11584"},"modified":"2023-04-14T11:49:56","modified_gmt":"2023-04-14T11:49:56","slug":"dia-internacional-dos-monumentos-e-sitios-2023-patrimonio-e-mudanca-acao-climatica-saber-fazer-inovacao-transformacao","status":"publish","type":"eventos","link":"https:\/\/citcem2023.citcem.org\/en\/eventos\/dia-internacional-dos-monumentos-e-sitios-2023-patrimonio-e-mudanca-acao-climatica-saber-fazer-inovacao-transformacao\/","title":{"rendered":"Dia Internacional dos Monumentos e S\u00edtios 2023: Patrim\u00f3nio e Mudan\u00e7a (A\u00e7\u00e3o Clim\u00e1tica. Saber Fazer. Inova\u00e7\u00e3o. Transforma\u00e7\u00e3o)"},"content":{"rendered":"<p>Associe-se \u00e0 Comemora\u00e7\u00e3o do <strong>Dia Internacional dos Monumentos e S\u00edtios 2023<\/strong>, dedicado ao<strong> <em>Patrim\u00f3nio e Mudan\u00e7a (A\u00e7\u00e3o Clim\u00e1tica. Saber Fazer. Inova\u00e7\u00e3o. Transforma\u00e7\u00e3o)<\/em><\/strong>, participando na Mesa Redonda que ter\u00e1 lugar no Anfiteatro Nobre da Faculdade de Letras da Universidade do Porto, no dia 18 de abril, entre as 10h e as 12h30, com colabora\u00e7\u00e3o cient\u00edfica de estudantes dos tr\u00eas Ciclos de Estudos do DCTP.<\/p>\n<p>&nbsp;<\/p>\n<p><img loading=\"lazy\" class=\"alignnone size-medium wp-image-11586\" src=\"https:\/\/citcem2023.citcem.org\/wp-content\/uploads\/2023\/04\/DIMS-2023-300x213.jpg\" alt=\"\" width=\"300\" height=\"213\" \/><\/p>\n","protected":false},"featured_media":11590,"template":"","ano-evento":[310],"tipo-eventos":[297],"cmcal_calendar":[],"_links":{"self":[{"href":"https:\/\/citcem2023.citcem.org\/en\/wp-json\/wp\/v2\/eventos\/11584"}],"collection":[{"href":"https:\/\/citcem2023.citcem.org\/en\/wp-json\/wp\/v2\/eventos"}],"about":[{"href":"https:\/\/citcem2023.citcem.org\/en\/wp-json\/wp\/v2\/types\/eventos"}],"version-history":[{"count":2,"href":"https:\/\/citcem2023.citcem.org\/en\/wp-json\/wp\/v2\/eventos\/11584\/revisions"}],"predecessor-version":[{"id":11593,"href":"https:\/\/citcem2023.citcem.org\/en\/wp-json\/wp\/v2\/eventos\/11584\/revisions\/11593"}],"wp:featuredmedia":[{"embeddable":true,"href":"https:\/\/citcem2023.citcem.org\/en\/wp-json\/wp\/v2\/media\/11590"}],"wp:attachment":[{"href":"https:\/\/citcem2023.citcem.org\/en\/wp-json\/wp\/v2\/media?parent=11584"}],"wp:term":[{"taxonomy":"ano-evento","embeddable":true,"href":"https:\/\/citcem2023.citcem.org\/en\/wp-json\/wp\/v2\/ano-evento?post=11584"},{"taxonomy":"tipo-eventos","embeddable":true,"href":"https:\/\/citcem2023.citcem.org\/en\/wp-json\/wp\/v2\/tipo-eventos?post=11584"},{"taxonomy":"cmcal_calendar","embeddable":true,"href":"https:\/\/citcem2023.citcem.org\/en\/wp-json\/wp\/v2\/cmcal_calendar?post=11584"}],"curies":[{"name":"wp","href":"https:\/\/api.w.org\/{rel}","templated":true}]}}

Dia Internacional dos Monumentos e Sítios 2023: Património e Mudança (Ação Climática. Saber Fazer. Inovação. Transformação)

<p>Associe-se à Comemoração do <strong>Dia Internacional dos Monumentos e Sítios 2023</strong>, dedicado ao<strong> <em>Património e Mudança (Ação Climática. Saber Fazer. Inovação. Transformação)</em></strong>, participando na Mesa Redonda que terá lugar no Anfiteatro Nobre da Faculdade de Letras da Universidade do Porto, no dia 18 de abril, entre as 10h e as 12h30, com colaboração científica de estudantes dos três Ciclos de Estudos do DCTP.</p>
<p>&nbsp;</p>
<p><img loading="lazy" class="alignnone size-medium wp-image-11586" src="https://citcem2023.citcem.org/wp-content/uploads/2023/04/DIMS-2023-300x213.jpg" alt="" width="300" height="213" /></p>
