{"id":11582,"date":"2023-04-03T11:08:21","date_gmt":"2023-04-03T11:08:21","guid":{"rendered":"https:\/\/citcem2023.citcem.org\/eventos\/i-journey-of-sfl-teacher-training-at-flup-complementary-volume-of-the-cefr-new-perspectives\/"},"modified":"2023-04-03T11:08:21","modified_gmt":"2023-04-03T11:08:21","slug":"i-journey-of-sfl-teacher-training-at-flup-complementary-volume-of-the-cefr-new-perspectives","status":"publish","type":"eventos","link":"https:\/\/citcem2023.citcem.org\/en\/events\/i-journey-of-sfl-teacher-training-at-flup-complementary-volume-of-the-cefr-new-perspectives\/","title":{"rendered":"I Journey of SFL teacher training at FLUP. Complementary volume of the CEFR: new perspectives"},"content":{"rendered":"<p>The Centro de Lingu\u00edstica da Universidade do Porto (CLUP) and the Centro de Investiga\u00e7\u00e3o Transdisciplinar &#8220;Cultura, Espa\u00e7o e Mem\u00f3ria&#8221; (CITCEM) are pleased to announce the  <strong><em>I Journey of SFL teacher training at FLUP. Complementary volume of the CEFR: new perspectives<\/em><\/strong>to be held on April 17, 2023.<\/p>\n<p>The Conference will take place in Meeting Room 1 of the Faculty of Arts of the University of Porto, between 9am and 5pm.<\/p>\n<p>Attendance is free and open to the general public. Registration is mandatory if you wish to obtain a Short Term Action certificate (5 hours) and must be done at <a href=\"https:\/\/forms.gle\/7wCxLNWmA68oVfcJA\" target=\"_blank\" rel=\"noreferrer noopener\">https:\/\/forms.gle\/7wCxLNWmA68oVfcJA<\/a>.<\/p>\n<p>The Journey&#8217;s program can be <a href=\"https:\/\/mcusercontent.com\/340d4206d65b147399fa945e7\/files\/e9b8819a-2d60-05a6-6c46-221bd4ef12f5\/Programa_Volumen_complementario_del_MCER_nuevas_perspectivas_31_03.pdf\" target=\"_blank\" rel=\"noreferrer noopener\">seen here<\/a>.<\/p>\n","protected":false},"featured_media":11581,"template":"","ano-evento":[311],"tipo-eventos":[334],"cmcal_calendar":[],"_links":{"self":[{"href":"https:\/\/citcem2023.citcem.org\/en\/wp-json\/wp\/v2\/eventos\/11582"}],"collection":[{"href":"https:\/\/citcem2023.citcem.org\/en\/wp-json\/wp\/v2\/eventos"}],"about":[{"href":"https:\/\/citcem2023.citcem.org\/en\/wp-json\/wp\/v2\/types\/eventos"}],"version-history":[{"count":0,"href":"https:\/\/citcem2023.citcem.org\/en\/wp-json\/wp\/v2\/eventos\/11582\/revisions"}],"wp:featuredmedia":[{"embeddable":true,"href":"https:\/\/citcem2023.citcem.org\/en\/wp-json\/wp\/v2\/media\/11581"}],"wp:attachment":[{"href":"https:\/\/citcem2023.citcem.org\/en\/wp-json\/wp\/v2\/media?parent=11582"}],"wp:term":[{"taxonomy":"ano-evento","embeddable":true,"href":"https:\/\/citcem2023.citcem.org\/en\/wp-json\/wp\/v2\/ano-evento?post=11582"},{"taxonomy":"tipo-eventos","embeddable":true,"href":"https:\/\/citcem2023.citcem.org\/en\/wp-json\/wp\/v2\/tipo-eventos?post=11582"},{"taxonomy":"cmcal_calendar","embeddable":true,"href":"https:\/\/citcem2023.citcem.org\/en\/wp-json\/wp\/v2\/cmcal_calendar?post=11582"}],"curies":[{"name":"wp","href":"https:\/\/api.w.org\/{rel}","templated":true}]}}

<p>The Centro de Linguística da Universidade do Porto (CLUP) and the Centro de Investigação Transdisciplinar &#8220;Cultura, Espaço e Memória&#8221; (CITCEM) are pleased to announce the  <strong><em>I Journey of SFL teacher training at FLUP. Complementary volume of the CEFR: new perspectives</em></strong>to be held on April 17, 2023.</p>
<p>The Conference will take place in Meeting Room 1 of the Faculty of Arts of the University of Porto, between 9am and 5pm.</p>
<p>Attendance is free and open to the general public. Registration is mandatory if you wish to obtain a Short Term Action certificate (5 hours) and must be done at <a href="https://forms.gle/7wCxLNWmA68oVfcJA" target="_blank" rel="noreferrer noopener">https://forms.gle/7wCxLNWmA68oVfcJA</a>.</p>
<p>The Journey&#8217;s program can be <a href="https://mcusercontent.com/340d4206d65b147399fa945e7/files/e9b8819a-2d60-05a6-6c46-221bd4ef12f5/Programa_Volumen_complementario_del_MCER_nuevas_perspectivas_31_03.pdf" target="_blank" rel="noreferrer noopener">seen here</a>.</p>
