{"id":11245,"date":"2023-03-13T13:11:59","date_gmt":"2023-03-13T13:11:59","guid":{"rendered":"https:\/\/citcem2023.citcem.org\/?post_type=eventos&#038;p=11245"},"modified":"2023-03-17T13:12:38","modified_gmt":"2023-03-17T13:12:38","slug":"sessao-11-seminario-permanente-2022-2023-redes-sociais-de-espiritualidade","status":"publish","type":"eventos","link":"https:\/\/citcem2023.citcem.org\/en\/eventos\/sessao-11-seminario-permanente-2022-2023-redes-sociais-de-espiritualidade\/","title":{"rendered":"Sess\u00e3o 11 | Semin\u00e1rio Permanente 2022-2023 &#8220;Redes Sociais de Espiritualidade&#8221;"},"content":{"rendered":"<p><strong>Orador:<\/strong> Marcela Londo\u00f1o (Universidad Autonoma de Barcelona)<\/p>\n<p><strong>T\u00edtulo:<\/strong> \u201cMedios de protecci\u00f3n privada: Un conflicto devoto sin soluci\u00f3n en la Europa de la Contrarreforma\u201d<\/p>\n<p>A sess\u00e3o, com in\u00edcio \u00e0s 14h30 de dia 24, decorrer\u00e1 apenas online atrav\u00e9s do link zoom: <a href=\"https:\/\/videoconf-colibri.zoom.us\/j\/94391972327?pwd=bnc1Zks3WnoyaWkwZ2pKM29HSTQxZz09\" target=\"_blank\" rel=\"noopener\">https:\/\/videoconf-colibri.zoom.us\/j\/95895850772?pwd=c3dTY29zNXpwQ000UktlWUZ0NVhZZz09<\/a><\/p>\n<p>A entrada \u00e9 livre!<\/p>\n","protected":false},"featured_media":11248,"template":"","ano-evento":[310],"tipo-eventos":[213],"cmcal_calendar":[],"_links":{"self":[{"href":"https:\/\/citcem2023.citcem.org\/en\/wp-json\/wp\/v2\/eventos\/11245"}],"collection":[{"href":"https:\/\/citcem2023.citcem.org\/en\/wp-json\/wp\/v2\/eventos"}],"about":[{"href":"https:\/\/citcem2023.citcem.org\/en\/wp-json\/wp\/v2\/types\/eventos"}],"version-history":[{"count":1,"href":"https:\/\/citcem2023.citcem.org\/en\/wp-json\/wp\/v2\/eventos\/11245\/revisions"}],"predecessor-version":[{"id":11250,"href":"https:\/\/citcem2023.citcem.org\/en\/wp-json\/wp\/v2\/eventos\/11245\/revisions\/11250"}],"wp:featuredmedia":[{"embeddable":true,"href":"https:\/\/citcem2023.citcem.org\/en\/wp-json\/wp\/v2\/media\/11248"}],"wp:attachment":[{"href":"https:\/\/citcem2023.citcem.org\/en\/wp-json\/wp\/v2\/media?parent=11245"}],"wp:term":[{"taxonomy":"ano-evento","embeddable":true,"href":"https:\/\/citcem2023.citcem.org\/en\/wp-json\/wp\/v2\/ano-evento?post=11245"},{"taxonomy":"tipo-eventos","embeddable":true,"href":"https:\/\/citcem2023.citcem.org\/en\/wp-json\/wp\/v2\/tipo-eventos?post=11245"},{"taxonomy":"cmcal_calendar","embeddable":true,"href":"https:\/\/citcem2023.citcem.org\/en\/wp-json\/wp\/v2\/cmcal_calendar?post=11245"}],"curies":[{"name":"wp","href":"https:\/\/api.w.org\/{rel}","templated":true}]}}

Sessão 11 | Seminário Permanente 2022-2023 &#8220;Redes Sociais de Espiritualidade&#8221;

<p><strong>Orador:</strong> Marcela Londoño (Universidad Autonoma de Barcelona)</p>
<p><strong>Título:</strong> “Medios de protección privada: Un conflicto devoto sin solución en la Europa de la Contrarreforma”</p>
<p>A sessão, com início às 14h30 de dia 24, decorrerá apenas online através do link zoom: <a href="https://videoconf-colibri.zoom.us/j/94391972327?pwd=bnc1Zks3WnoyaWkwZ2pKM29HSTQxZz09" target="_blank" rel="noopener">https://videoconf-colibri.zoom.us/j/95895850772?pwd=c3dTY29zNXpwQ000UktlWUZ0NVhZZz09</a></p>
<p>A entrada é livre!</p>
