{"id":11201,"date":"2023-03-09T11:39:42","date_gmt":"2023-03-09T11:39:42","guid":{"rendered":"https:\/\/citcem2023.citcem.org\/?post_type=eventos&#038;p=11201"},"modified":"2023-03-14T17:17:41","modified_gmt":"2023-03-14T17:17:41","slug":"governo-eletronico-uma-reflexao-sobre-o-modelo-brasileiro-e-elementos-comparativos-com-o-portugues","status":"publish","type":"eventos","link":"https:\/\/citcem2023.citcem.org\/en\/eventos\/governo-eletronico-uma-reflexao-sobre-o-modelo-brasileiro-e-elementos-comparativos-com-o-portugues\/","title":{"rendered":"Governo Eletr\u00f3nico: uma reflex\u00e3o sobre o modelo brasileiro e elementos comparativos com o portugu\u00eas"},"content":{"rendered":"<p>\u00c9 j\u00e1 no dia 15 de mar\u00e7o, a partir das 18h, que Dario de Azevedo Nogueira J\u00fanior, estar\u00e1 connosco para fazer uma reflex\u00e3o sobre o modelo brasileiro e elementos comparativos com o portugu\u00eas no que concerne \u00e0 Gest\u00e3o da Informa\u00e7\u00e3o e do e-government.<\/p>\n<p>Este encontro resulta da visita de um membro da UFES para trabalhar, com o grupo de investiga\u00e7\u00e3o Informa\u00e7\u00e3o, Comunica\u00e7\u00e3o e Cultura Digital, e a apresenta\u00e7\u00e3o prop\u00f5e a partilha dos dados preliminares que resultam do estudo da oferta associada com os servi\u00e7os de governo eletr\u00f4nico no Brasil e em Portugal. As quest\u00f5es associadas com a intera\u00e7\u00e3o e o envolvimento do utilizador cidad\u00e3o s\u00e3o colocadas, nomeadamente a quest\u00e3o dos servi\u00e7os interativos ou da constata\u00e7\u00e3o que ainda nos encontramos longe de se poder verdadeiramente afirmar que a oferta existente assegura a intera\u00e7\u00e3o efetiva e responde \u00e0s promessas de interatividade dos servi\u00e7os de governo eletr\u00f3nico.<\/p>\n<p>Dario de Azevedo Nogueira J\u00fanior \u00e9 Doutor em Ci\u00eancias da Informa\u00e7\u00e3o e Comunica\u00e7\u00e3o \u2013 Universit\u00e9 Paris Sorbonne pelo INSTITUIT FRANCAIS DE PRESSE, LI.F.P. (2003), Mestre em M\u00eddia e Multim\u00eddia Universit\u00e9 Paris Sorbonne pelo INSTITUIT FRANCAIS DE PRESSE &#8211; LI.F.P. (1999). Professor Titular na Universidade Federal do Esp\u00edrito Santo (UFES) no Programa de p\u00f3s-gradua\u00e7\u00e3o em Gest\u00e3o P\u00fablica. Exerceu fun\u00e7\u00f5es em Comunica\u00e7\u00e3o P\u00fablica na Presid\u00eancia da Rep\u00fablica do Brasil no per\u00edodo 2008\/2014 \u2013 2008\/11 na Secretaria de Comunica\u00e7\u00e3o \u2013 SECOM\/PR e 2011\/12 na Secretaria de Assuntos Estrat\u00e9gicos \u2013 SAE\/PR e 2013\/14 Imprensa Nacional.<\/p>\n","protected":false},"featured_media":11202,"template":"","ano-evento":[310],"tipo-eventos":[299],"cmcal_calendar":[],"_links":{"self":[{"href":"https:\/\/citcem2023.citcem.org\/en\/wp-json\/wp\/v2\/eventos\/11201"}],"collection":[{"href":"https:\/\/citcem2023.citcem.org\/en\/wp-json\/wp\/v2\/eventos"}],"about":[{"href":"https:\/\/citcem2023.citcem.org\/en\/wp-json\/wp\/v2\/types\/eventos"}],"version-history":[{"count":1,"href":"https:\/\/citcem2023.citcem.org\/en\/wp-json\/wp\/v2\/eventos\/11201\/revisions"}],"predecessor-version":[{"id":11204,"href":"https:\/\/citcem2023.citcem.org\/en\/wp-json\/wp\/v2\/eventos\/11201\/revisions\/11204"}],"wp:featuredmedia":[{"embeddable":true,"href":"https:\/\/citcem2023.citcem.org\/en\/wp-json\/wp\/v2\/media\/11202"}],"wp:attachment":[{"href":"https:\/\/citcem2023.citcem.org\/en\/wp-json\/wp\/v2\/media?parent=11201"}],"wp:term":[{"taxonomy":"ano-evento","embeddable":true,"href":"https:\/\/citcem2023.citcem.org\/en\/wp-json\/wp\/v2\/ano-evento?post=11201"},{"taxonomy":"tipo-eventos","embeddable":true,"href":"https:\/\/citcem2023.citcem.org\/en\/wp-json\/wp\/v2\/tipo-eventos?post=11201"},{"taxonomy":"cmcal_calendar","embeddable":true,"href":"https:\/\/citcem2023.citcem.org\/en\/wp-json\/wp\/v2\/cmcal_calendar?post=11201"}],"curies":[{"name":"wp","href":"https:\/\/api.w.org\/{rel}","templated":true}]}}

Governo Eletrónico: uma reflexão sobre o modelo brasileiro e elementos comparativos com o português

<p>É já no dia 15 de março, a partir das 18h, que Dario de Azevedo Nogueira Júnior, estará connosco para fazer uma reflexão sobre o modelo brasileiro e elementos comparativos com o português no que concerne à Gestão da Informação e do e-government.</p>
<p>Este encontro resulta da visita de um membro da UFES para trabalhar, com o grupo de investigação Informação, Comunicação e Cultura Digital, e a apresentação propõe a partilha dos dados preliminares que resultam do estudo da oferta associada com os serviços de governo eletrônico no Brasil e em Portugal. As questões associadas com a interação e o envolvimento do utilizador cidadão são colocadas, nomeadamente a questão dos serviços interativos ou da constatação que ainda nos encontramos longe de se poder verdadeiramente afirmar que a oferta existente assegura a interação efetiva e responde às promessas de interatividade dos serviços de governo eletrónico.</p>
<p>Dario de Azevedo Nogueira Júnior é Doutor em Ciências da Informação e Comunicação – Université Paris Sorbonne pelo INSTITUIT FRANCAIS DE PRESSE, LI.F.P. (2003), Mestre em Mídia e Multimídia Université Paris Sorbonne pelo INSTITUIT FRANCAIS DE PRESSE &#8211; LI.F.P. (1999). Professor Titular na Universidade Federal do Espírito Santo (UFES) no Programa de pós-graduação em Gestão Pública. Exerceu funções em Comunicação Pública na Presidência da República do Brasil no período 2008/2014 – 2008/11 na Secretaria de Comunicação – SECOM/PR e 2011/12 na Secretaria de Assuntos Estratégicos – SAE/PR e 2013/14 Imprensa Nacional.</p>
