{"id":11020,"date":"2023-03-07T12:02:22","date_gmt":"2023-03-07T12:02:22","guid":{"rendered":"https:\/\/citcem2023.citcem.org\/eventos\/12-a-sessao-oic-2022-23-museologia-e-desafios-digitais\/"},"modified":"2023-03-07T12:35:14","modified_gmt":"2023-03-07T12:35:14","slug":"12-a-sessao-oic-2022-23-museologia-e-desafios-digitais","status":"publish","type":"eventos","link":"https:\/\/citcem2023.citcem.org\/en\/events\/12-a-sessao-oic-2022-23-museologia-e-desafios-digitais\/","title":{"rendered":"12th SESSION OIC 2022\/23 &#8220;Action, Repression and Resistance: Dictatorships in Portugal, Brazil and Spain (1960-1980)&#8221;"},"content":{"rendered":"<p><strong>Session proponents:<\/strong> Ivan Luis Lima Cavalcanti (Education and Societal Challenges)<\/p>\n<p><strong>Title\/General Theme of Session<\/strong>: &#8220;Action, Repression and Resistance: Dictatorships in Portugal, Brazil and Spain (1960-1980)<\/p>\n<p><strong>Name of speakers and their paper titles:<\/strong><\/p>\n<p>A liberdade est\u00e1 a passar por aqui: a dimens\u00e3o pol\u00edtica da can\u00e7\u00e3o de protesto em Portugal nos anos 1960 e 1970 | Ivan Luis Lima Cavalcanti<\/p>\n<p>Contested Development: Indigenous Peoples, Military Dictatorship, and the Environment in Brazil | Luiz Paulo Ferraz<\/p>\n<p>Censorship and repression in Francoism: a panorama of Spanish national and regional archives | Alexandre Felipe Fiuza<\/p>\n<p>&#8220;Lessons in Freedom&#8221;: Militant Circulations, Popular Education and Decolonization, between Brazil and Guinea-Bissau | M\u00e9lanie Toulhoat<\/p>\n<p>The indigenous issue during the Brazilian military dictatorship and foreign public opinion in a transactional perspective | Paulo C\u00e9sar Gomes<\/p>\n<p>&nbsp;<\/p>\n<p>Free Entry!<\/p>\n<p>&nbsp;<\/p>\n<p><strong>OIC Webpage: <\/strong><a href=\"https:\/\/oiccitcem.wixsite.com\/oficinascitcem\">https:\/\/oiccitcem.wixsite.com\/oficinascitcem<\/a><\/p>\n<p>&nbsp;<\/p>\n<p><strong>Scientific Committee<\/strong><\/p>\n<p>CITCEM Executive Committee<\/p>\n<p><strong>Organizing Committee<\/strong><\/p>\n<p>Carla Sequeira<\/p>\n<p>Joana Lencart<\/p>\n<p><strong>Organization<\/strong><\/p>\n<p>CITCEM<\/p>\n<p><strong>Secretariat<\/strong><\/p>\n<p>CITCEM<\/p>\n<div class=\"main\" role=\"main\">\n<div class=\"container\">\n<div class=\"row\">\n<div class=\"col-sm-12\">\n<h4>Files<\/h4>\n<p><a href=\"https:\/\/citcem2023.citcem.org\/wp-content\/uploads\/2023\/03\/OIC_12-1-1.pdf\" download=\"\">Poster<\/a><\/p>\n<p><a href=\"https:\/\/citcem2023.citcem.org\/wp-content\/uploads\/2023\/03\/OIC_12_bio.pdf\" download=\"\">Program<\/a><\/p>\n<\/div>\n<\/div>\n<\/div>\n<\/div>\n<div class=\"footer\">\n<div class=\"container\">\n<div class=\"row\">\n<div class=\"col-sm-12\">\n<p class=\"footer-logos text-hide\">FCT &#8211; Foundation for Science and Technology<br \/>\nUniversity of Porto &#8211; Faculty of Arts<\/p>\n<\/div>\n<\/div>\n<\/div>\n<\/div>\n","protected":false},"featured_media":8811,"template":"","ano-evento":[311],"tipo-eventos":[296],"cmcal_calendar":[],"_links":{"self":[{"href":"https:\/\/citcem2023.citcem.org\/en\/wp-json\/wp\/v2\/eventos\/11020"}],"collection":[{"href":"https:\/\/citcem2023.citcem.org\/en\/wp-json\/wp\/v2\/eventos"}],"about":[{"href":"https:\/\/citcem2023.citcem.org\/en\/wp-json\/wp\/v2\/types\/eventos"}],"version-history":[{"count":1,"href":"https:\/\/citcem2023.citcem.org\/en\/wp-json\/wp\/v2\/eventos\/11020\/revisions"}],"predecessor-version":[{"id":11021,"href":"https:\/\/citcem2023.citcem.org\/en\/wp-json\/wp\/v2\/eventos\/11020\/revisions\/11021"}],"wp:featuredmedia":[{"embeddable":true,"href":"https:\/\/citcem2023.citcem.org\/en\/wp-json\/wp\/v2\/media\/8811"}],"wp:attachment":[{"href":"https:\/\/citcem2023.citcem.org\/en\/wp-json\/wp\/v2\/media?parent=11020"}],"wp:term":[{"taxonomy":"ano-evento","embeddable":true,"href":"https:\/\/citcem2023.citcem.org\/en\/wp-json\/wp\/v2\/ano-evento?post=11020"},{"taxonomy":"tipo-eventos","embeddable":true,"href":"https:\/\/citcem2023.citcem.org\/en\/wp-json\/wp\/v2\/tipo-eventos?post=11020"},{"taxonomy":"cmcal_calendar","embeddable":true,"href":"https:\/\/citcem2023.citcem.org\/en\/wp-json\/wp\/v2\/cmcal_calendar?post=11020"}],"curies":[{"name":"wp","href":"https:\/\/api.w.org\/{rel}","templated":true}]}}

<p><strong>Session proponents:</strong> Ivan Luis Lima Cavalcanti (Education and Societal Challenges)</p>
<p><strong>Title/General Theme of Session</strong>: &#8220;Action, Repression and Resistance: Dictatorships in Portugal, Brazil and Spain (1960-1980)</p>
<p><strong>Name of speakers and their paper titles:</strong></p>
<p>A liberdade está a passar por aqui: a dimensão política da canção de protesto em Portugal nos anos 1960 e 1970 | Ivan Luis Lima Cavalcanti</p>
<p>Contested Development: Indigenous Peoples, Military Dictatorship, and the Environment in Brazil | Luiz Paulo Ferraz</p>
<p>Censorship and repression in Francoism: a panorama of Spanish national and regional archives | Alexandre Felipe Fiuza</p>
<p>&#8220;Lessons in Freedom&#8221;: Militant Circulations, Popular Education and Decolonization, between Brazil and Guinea-Bissau | Mélanie Toulhoat</p>
<p>The indigenous issue during the Brazilian military dictatorship and foreign public opinion in a transactional perspective | Paulo César Gomes</p>
<p>&nbsp;</p>
<p>Free Entry!</p>
<p>&nbsp;</p>
<p><strong>OIC Webpage: </strong><a href="https://oiccitcem.wixsite.com/oficinascitcem">https://oiccitcem.wixsite.com/oficinascitcem</a></p>
<p>&nbsp;</p>
<p><strong>Scientific Committee</strong></p>
<p>CITCEM Executive Committee</p>
<p><strong>Organizing Committee</strong></p>
<p>Carla Sequeira</p>
<p>Joana Lencart</p>
<p><strong>Organization</strong></p>
<p>CITCEM</p>
<p><strong>Secretariat</strong></p>
<p>CITCEM</p>
<div class="main" role="main">
<div class="container">
<div class="row">
<div class="col-sm-12">
<h4>Files</h4>
<p><a href="https://citcem2023.citcem.org/wp-content/uploads/2023/03/OIC_12-1-1.pdf" download="">Poster</a></p>
<p><a href="https://citcem2023.citcem.org/wp-content/uploads/2023/03/OIC_12_bio.pdf" download="">Program</a></p>
</div>
</div>
</div>
</div>
<div class="footer">
<div class="container">
<div class="row">
<div class="col-sm-12">
<p class="footer-logos text-hide">FCT &#8211; Foundation for Science and Technology<br />
University of Porto &#8211; Faculty of Arts</p>
</div>
</div>
</div>
</div>
